Last updated on 2024-08-16 00:48:22 CEST.
Flavor | Version | Tinstall | Tcheck | Ttotal | Status | Flags |
---|---|---|---|---|---|---|
r-devel-linux-x86_64-debian-clang | 0.5.2 | 14.35 | 158.05 | 172.40 | OK | |
r-devel-linux-x86_64-debian-gcc | 0.5.2 | 8.01 | 104.61 | 112.62 | OK | |
r-devel-linux-x86_64-fedora-clang | 0.5.2 | 258.35 | OK | |||
r-devel-linux-x86_64-fedora-gcc | 0.5.2 | 266.66 | OK | |||
r-devel-windows-x86_64 | 0.5.2 | 14.00 | 154.00 | 168.00 | OK | |
r-patched-linux-x86_64 | 0.5.2 | 12.82 | 151.91 | 164.73 | OK | |
r-release-linux-x86_64 | 0.5.2 | 12.79 | 158.37 | 171.16 | OK | |
r-release-macos-arm64 | 0.5.2 | 232.00 | OK | |||
r-release-macos-x86_64 | 0.5.2 | 428.00 | OK | |||
r-release-windows-x86_64 | 0.5.2 | 13.00 | 154.00 | 167.00 | OK | |
r-oldrel-macos-arm64 | 0.5.2 | 278.00 | ERROR | |||
r-oldrel-macos-x86_64 | 0.5.2 | 329.00 | ERROR | |||
r-oldrel-windows-x86_64 | 0.5.2 | 18.00 | 198.00 | 216.00 | OK |
Version: 0.5.2
Check: running R code from vignettes
Result: ERROR
Errors in running code in vignettes:
when running code in ‘hyd1d.Rmd’
...
> if (outputFormat == "html") {
+ is_html <- TRUE
+ } else {
+ is_html <- FALSE
+ }
When sourcing ‘hyd1d.R’:
Error: argument is of length zero
Execution halted
when running code in ‘vignette_DE.Rmd’
...
> if (outputFormat == "html") {
+ is_html <- TRUE
+ } else {
+ is_html <- FALSE
+ }
When sourcing ‘vignette_DE.R’:
Error: argument is of length zero
Execution halted
‘hyd1d.Rmd’ using ‘UTF-8’... failed
‘vignette_DE.Rmd’ using ‘UTF-8’... failed
Flavors: r-oldrel-macos-arm64, r-oldrel-macos-x86_64