Last updated on 2023-11-29 01:49:23 CET.
Flavor | Version | Tinstall | Tcheck | Ttotal | Status | Flags |
---|---|---|---|---|---|---|
r-devel-linux-x86_64-debian-clang | 0.1.0 | 21.40 | 123.11 | 144.51 | NOTE | |
r-devel-linux-x86_64-debian-gcc | 0.1.0 | 16.02 | 132.84 | 148.86 | NOTE | |
r-devel-linux-x86_64-fedora-clang | 0.1.0 | 256.72 | NOTE | |||
r-devel-linux-x86_64-fedora-gcc | 0.1.0 | 236.98 | NOTE | |||
r-devel-windows-x86_64 | 0.1.0 | 17.00 | 147.00 | 164.00 | NOTE | |
r-patched-linux-x86_64 | 0.1.0 | 20.57 | 114.94 | 135.51 | NOTE | |
r-release-linux-x86_64 | 0.1.0 | 11.61 | 114.97 | 126.58 | NOTE | |
r-release-macos-arm64 | 0.1.0 | 72.00 | NOTE | |||
r-release-macos-x86_64 | 0.1.0 | 117.00 | NOTE | |||
r-release-windows-x86_64 | 0.1.0 | 24.00 | 187.00 | 211.00 | NOTE | |
r-oldrel-macos-arm64 | 0.1.0 | 60.00 | NOTE | |||
r-oldrel-macos-x86_64 | 0.1.0 | 104.00 | NOTE | |||
r-oldrel-windows-x86_64 | 0.1.0 | 24.00 | 174.00 | 198.00 | NOTE |
Version: 0.1.0
Check: LazyData
Result: NOTE
'LazyData' is specified without a 'data' directory
Flavors: r-devel-linux-x86_64-debian-clang, r-devel-linux-x86_64-debian-gcc, r-devel-linux-x86_64-fedora-clang, r-devel-linux-x86_64-fedora-gcc, r-devel-windows-x86_64, r-patched-linux-x86_64, r-release-linux-x86_64, r-release-macos-arm64, r-release-macos-x86_64, r-release-windows-x86_64, r-oldrel-macos-arm64, r-oldrel-macos-x86_64, r-oldrel-windows-x86_64
Version: 0.1.0
Check: installed package size
Result: NOTE
installed size is 5.3Mb
sub-directories of 1Mb or more:
extdata 4.8Mb
Flavors: r-devel-linux-x86_64-fedora-clang, r-devel-windows-x86_64, r-release-macos-arm64, r-release-macos-x86_64, r-release-windows-x86_64, r-oldrel-macos-arm64, r-oldrel-macos-x86_64, r-oldrel-windows-x86_64