Last updated on 2023-12-10 12:50:57 CET.
Flavor | Version | Tinstall | Tcheck | Ttotal | Status | Flags |
---|---|---|---|---|---|---|
r-devel-linux-x86_64-debian-clang | 2.0.15 | 80.70 | 171.71 | 252.41 | WARN | |
r-devel-linux-x86_64-debian-gcc | 2.0.15 | 58.05 | 127.29 | 185.34 | WARN | |
r-devel-linux-x86_64-fedora-clang | 2.0.15 | 313.71 | WARN | |||
r-devel-linux-x86_64-fedora-gcc | 2.0.15 | 354.52 | WARN | |||
r-devel-windows-x86_64 | 2.0.15 | 59.00 | 261.00 | 320.00 | WARN | |
r-patched-linux-x86_64 | 2.0.15 | 66.98 | 172.64 | 239.62 | OK | |
r-release-linux-x86_64 | 2.0.15 | 67.59 | 172.10 | 239.69 | OK | |
r-release-macos-arm64 | 2.0.15 | 134.00 | NOTE | |||
r-release-macos-x86_64 | 2.0.15 | 214.00 | NOTE | |||
r-release-windows-x86_64 | 2.0.15 | 74.00 | 291.00 | 365.00 | OK | |
r-oldrel-macos-arm64 | 2.0.15 | 120.00 | NOTE | |||
r-oldrel-macos-x86_64 | 2.0.15 | 146.00 | NOTE | |||
r-oldrel-windows-x86_64 | 2.0.15 | 71.00 | 289.00 | 360.00 | OK |
Version: 2.0.15
Check: whether package can be installed
Result: WARN
Found the following significant warnings:
./icenReg_files/basicUtilities.cpp:589:64: warning: format specifies type 'int' but the argument has type 'size_type' (aka 'unsigned long') [-Wformat]
See ‘/home/hornik/tmp/R.check/r-devel-clang/Work/PKGS/icenReg.Rcheck/00install.out’ for details.
* used C compiler: ‘Debian clang version 17.0.5 (1)’
* used C++ compiler: ‘Debian clang version 17.0.5 (1)’
Flavor: r-devel-linux-x86_64-debian-clang
Version: 2.0.15
Check: Rd files
Result: NOTE
checkRd: (-1) getFitEsts.Rd:27: Lost braces; missing escapes or markup?
27 | If \code{p} is provided, will return the estimated F^{-1}(p | x). If \code{q} is provided,
| ^
Flavors: r-devel-linux-x86_64-debian-clang, r-devel-linux-x86_64-debian-gcc
Version: 2.0.15
Check: whether package can be installed
Result: WARN
Found the following significant warnings:
icenReg_files/basicUtilities.cpp:589:69: warning: format ‘%d’ expects argument of type ‘int’, but argument 3 has type ‘std::vector<double>::size_type’ {aka ‘long unsigned int’} [-Wformat=]
See ‘/home/hornik/tmp/R.check/r-devel-gcc/Work/PKGS/icenReg.Rcheck/00install.out’ for details.
* used C compiler: ‘gcc-13 (Debian 13.2.0-7) 13.2.0’
* used C++ compiler: ‘g++-13 (Debian 13.2.0-7) 13.2.0’
Flavor: r-devel-linux-x86_64-debian-gcc
Version: 2.0.15
Check: whether package can be installed
Result: WARN
Found the following significant warnings:
./icenReg_files/basicUtilities.cpp:589:64: warning: format specifies type 'int' but the argument has type 'size_type' (aka 'unsigned long') [-Wformat]
See ‘/data/gannet/ripley/R/packages/tests-clang/icenReg.Rcheck/00install.out’ for details.
* used C compiler: ‘clang version 17.0.5’
* used C++ compiler: ‘clang version 17.0.5’
Flavor: r-devel-linux-x86_64-fedora-clang
Version: 2.0.15
Check: whether package can be installed
Result: WARN
Found the following significant warnings:
icenReg_files/basicUtilities.cpp:589:69: warning: format '%d' expects argument of type 'int', but argument 3 has type 'std::vector<double>::size_type' {aka 'long unsigned int'} [-Wformat=]
See ‘/data/gannet/ripley/R/packages/tests-devel/icenReg.Rcheck/00install.out’ for details.
* used C compiler: ‘gcc-13 (GCC) 13.2.0’
* used C++ compiler: ‘g++-13 (GCC) 13.2.0’
Flavor: r-devel-linux-x86_64-fedora-gcc
Version: 2.0.15
Check: whether package can be installed
Result: WARN
Found the following significant warnings:
icenReg_files/basicUtilities.cpp:589:69: warning: format '%d' expects argument of type 'int', but argument 3 has type 'std::vector<double>::size_type' {aka 'long long unsigned int'} [-Wformat=]
See 'd:/Rcompile/CRANpkg/local/4.4/icenReg.Rcheck/00install.out' for details.
* used C compiler: 'gcc.exe (GCC) 12.3.0'
* used C++ compiler: 'g++.exe (GCC) 12.3.0'
Flavor: r-devel-windows-x86_64
Version: 2.0.15
Check: installed package size
Result: NOTE
installed size is 16.4Mb
sub-directories of 1Mb or more:
libs 15.0Mb
Flavors: r-release-macos-arm64, r-release-macos-x86_64, r-oldrel-macos-arm64, r-oldrel-macos-x86_64