Last updated on 2024-08-16 00:48:23 CEST.
Flavor | Version | Tinstall | Tcheck | Ttotal | Status | Flags |
---|---|---|---|---|---|---|
r-devel-linux-x86_64-debian-clang | 4.1.6 | 12.05 | 189.49 | 201.54 | NOTE | |
r-devel-linux-x86_64-debian-gcc | 4.1.6 | 8.33 | 131.34 | 139.67 | NOTE | |
r-devel-linux-x86_64-fedora-clang | 4.1.6 | 330.15 | OK | |||
r-devel-linux-x86_64-fedora-gcc | 4.1.6 | 323.37 | OK | |||
r-devel-windows-x86_64 | 4.1.6 | 13.00 | 202.00 | 215.00 | NOTE | |
r-patched-linux-x86_64 | 4.1.6 | 19.56 | 180.52 | 200.08 | OK | |
r-release-linux-x86_64 | 4.1.6 | 11.58 | 181.56 | 193.14 | OK | |
r-release-macos-arm64 | 4.1.6 | 69.00 | OK | |||
r-release-macos-x86_64 | 4.1.6 | 131.00 | OK | |||
r-release-windows-x86_64 | 4.1.6 | 14.00 | 192.00 | 206.00 | OK | |
r-oldrel-macos-arm64 | 4.1.6 | 86.00 | OK | |||
r-oldrel-macos-x86_64 | 4.1.6 | 164.00 | OK | |||
r-oldrel-windows-x86_64 | 4.1.6 | 17.00 | 242.00 | 259.00 | OK |
Version: 4.1.6
Check: Rd cross-references
Result: NOTE
Found the following Rd file(s) with Rd \link{} targets missing package
anchors:
metrics_heatmap.Rd: pheatmap
plot_lasagna.Rd: scale_fill_gradient2
plot_lasagna_1subject.Rd: scale_fill_gradient2
Please provide package anchors for all Rd \link{} targets not in the
package itself and the base packages.
Flavors: r-devel-linux-x86_64-debian-clang, r-devel-linux-x86_64-debian-gcc, r-devel-windows-x86_64