CRAN Package Check Results for Package infotheo

Last updated on 2024-02-25 12:51:50 CET.

Flavor Version Tinstall Tcheck Ttotal Status Flags
r-devel-linux-x86_64-debian-clang 1.2.0.1 6.92 22.15 29.07 OK
r-devel-linux-x86_64-debian-gcc 1.2.0.1 4.66 17.44 22.10 OK
r-devel-linux-x86_64-fedora-clang 1.2.0.1 40.06 NOTE
r-devel-linux-x86_64-fedora-gcc 1.2.0.1 35.67 NOTE
r-devel-windows-x86_64 1.2.0.1 7.00 62.00 69.00 OK
r-patched-linux-x86_64 1.2.0.1 6.10 21.84 27.94 OK
r-release-linux-x86_64 1.2.0.1 5.57 21.82 27.39 OK
r-release-macos-arm64 1.2.0.1 18.00 OK
r-release-macos-x86_64 1.2.0.1 24.00 OK
r-release-windows-x86_64 1.2.0.1 8.00 64.00 72.00 OK
r-oldrel-macos-arm64 1.2.0.1 21.00 OK
r-oldrel-windows-x86_64 1.2.0.1 12.00 66.00 78.00 OK

Check Details

Version: 1.2.0.1
Check: compiled code
Result: NOTE File ‘infotheo/libs/infotheo.so’: Found no calls to: ‘R_registerRoutines’, ‘R_useDynamicSymbols’ It is good practice to register native routines and to disable symbol search. See ‘Writing portable packages’ in the ‘Writing R Extensions’ manual. Flavors: r-devel-linux-x86_64-fedora-clang, r-devel-linux-x86_64-fedora-gcc