Last updated on 2024-08-16 00:48:23 CEST.
Flavor | Version | Tinstall | Tcheck | Ttotal | Status | Flags |
---|---|---|---|---|---|---|
r-devel-linux-x86_64-debian-clang | 0.3.0 | 19.66 | 129.82 | 149.48 | NOTE | |
r-devel-linux-x86_64-debian-gcc | 0.3.0 | 14.05 | 91.49 | 105.54 | NOTE | |
r-devel-linux-x86_64-fedora-clang | 0.3.0 | 240.12 | OK | |||
r-devel-linux-x86_64-fedora-gcc | 0.3.0 | 236.41 | OK | |||
r-devel-windows-x86_64 | 0.3.0 | 24.00 | 309.00 | 333.00 | NOTE | |
r-patched-linux-x86_64 | 0.3.0 | 27.14 | 122.64 | 149.78 | OK | |
r-release-linux-x86_64 | 0.3.0 | 17.98 | 125.13 | 143.11 | OK | |
r-release-macos-arm64 | 0.3.0 | 71.00 | OK | |||
r-release-macos-x86_64 | 0.3.0 | 112.00 | OK | |||
r-release-windows-x86_64 | 0.3.0 | 25.00 | 318.00 | 343.00 | OK | |
r-oldrel-macos-arm64 | 0.3.0 | 82.00 | OK | |||
r-oldrel-macos-x86_64 | 0.3.0 | 147.00 | OK | |||
r-oldrel-windows-x86_64 | 0.3.0 | 33.00 | 220.00 | 253.00 | OK |
Version: 0.3.0
Check: Rd cross-references
Result: NOTE
Found the following Rd file(s) with Rd \link{} targets missing package
anchors:
AgnosticWrapper.Rd: torch_tensor
ConnectionWeights.Rd: torch_tensor, torch_float, torch_double
Converter.Rd: nn_sequential
DeepLift.Rd: torch_tensor, torch_float, torch_double
DeepSHAP.Rd: torch_tensor, torch_float, torch_double
ExpectedGradient.Rd: torch_tensor, torch_float, torch_double
Gradient.Rd: torch_tensor, torch_float, torch_double
GradientBased.Rd: torch_tensor, torch_float, torch_double
IntegratedGradient.Rd: torch_tensor, torch_float, torch_double
InterpretingMethod.Rd: torch_float, torch_double, torch_tensor
LIME.Rd: torch_tensor
LRP.Rd: torch_tensor, torch_float, torch_double
SHAP.Rd: torch_tensor
SmoothGrad.Rd: torch_tensor, torch_float, torch_double
innsight_ggplot2-class.Rd: ggplot2
innsight_ggplot2-plus.Rd: ggplot2
innsight_sugar.Rd: nn_sequential, torch_tensor
Please provide package anchors for all Rd \link{} targets not in the
package itself and the base packages.
Flavors: r-devel-linux-x86_64-debian-clang, r-devel-linux-x86_64-debian-gcc, r-devel-windows-x86_64