Last updated on 2024-05-10 02:05:28 CEST.
Flavor | Version | Tinstall | Tcheck | Ttotal | Status | Flags |
---|---|---|---|---|---|---|
r-devel-linux-x86_64-debian-clang | 0.1.2 | 2.08 | 30.01 | 32.09 | OK | |
r-devel-linux-x86_64-debian-gcc | 0.1.2 | 1.99 | 23.16 | 25.15 | OK | |
r-devel-linux-x86_64-fedora-clang | 0.1.2 | 41.78 | NOTE | |||
r-devel-linux-x86_64-fedora-gcc | 0.1.2 | 54.10 | OK | |||
r-devel-windows-x86_64 | 0.1.2 | 4.00 | 45.00 | 49.00 | OK | |
r-patched-linux-x86_64 | 0.1.2 | 2.37 | 28.81 | 31.18 | OK | |
r-release-linux-x86_64 | 0.1.2 | 2.08 | 28.61 | 30.69 | OK | |
r-release-macos-arm64 | 0.1.2 | 16.00 | OK | |||
r-release-macos-x86_64 | 0.1.2 | 39.00 | OK | |||
r-release-windows-x86_64 | 0.1.2 | 4.00 | 44.00 | 48.00 | OK | |
r-oldrel-macos-arm64 | 0.1.2 | 22.00 | OK | |||
r-oldrel-macos-x86_64 | 0.1.2 | 33.00 | OK | |||
r-oldrel-windows-x86_64 | 0.1.2 | 4.00 | 48.00 | 52.00 | OK |
Version: 0.1.2
Check: Rd cross-references
Result: NOTE
Undeclared package ‘Rcpp’ in Rd xrefs
Flavor: r-devel-linux-x86_64-fedora-clang