Last updated on 2023-11-28 12:51:32 CET.
Flavor | Version | Tinstall | Tcheck | Ttotal | Status | Flags |
---|---|---|---|---|---|---|
r-devel-linux-x86_64-debian-clang | 0.0.1 | 6.80 | 273.80 | 280.60 | NOTE | |
r-devel-linux-x86_64-debian-gcc | 0.0.1 | 5.62 | 184.86 | 190.48 | NOTE | |
r-devel-linux-x86_64-fedora-clang | 0.0.1 | 331.56 | OK | |||
r-devel-linux-x86_64-fedora-gcc | 0.0.1 | 328.64 | OK | |||
r-devel-windows-x86_64 | 0.0.1 | 9.00 | 188.00 | 197.00 | OK | |
r-patched-linux-x86_64 | 0.0.1 | 6.13 | 252.04 | 258.17 | OK | |
r-release-linux-x86_64 | 0.0.1 | 4.24 | 250.04 | 254.28 | OK | |
r-release-macos-arm64 | 0.0.1 | 89.00 | OK | |||
r-release-macos-x86_64 | 0.0.1 | 159.00 | OK | |||
r-release-windows-x86_64 | 0.0.1 | 10.00 | 271.00 | 281.00 | OK | |
r-oldrel-macos-arm64 | 0.0.1 | 80.00 | OK | |||
r-oldrel-macos-x86_64 | 0.0.1 | 117.00 | OK | |||
r-oldrel-windows-x86_64 | 0.0.1 | 10.00 | 284.00 | 294.00 | OK |
Version: 0.0.1
Check: Rd files
Result: NOTE
checkRd: (-1) decompose_volume.Rd:21: Lost braces in \itemize; \value handles \item{}{} directly
checkRd: (-1) decompose_volume.Rd:22: Lost braces in \itemize; \value handles \item{}{} directly
checkRd: (-1) decompose_volume.Rd:23: Lost braces in \itemize; \value handles \item{}{} directly
checkRd: (-1) decompose_volume.Rd:24: Lost braces in \itemize; \value handles \item{}{} directly
checkRd: (-1) fit_volume.Rd:44: Lost braces in \itemize; \value handles \item{}{} directly
checkRd: (-1) fit_volume.Rd:45: Lost braces in \itemize; \value handles \item{}{} directly
checkRd: (-1) fit_volume.Rd:46: Lost braces in \itemize; \value handles \item{}{} directly
checkRd: (-1) fit_volume.Rd:47: Lost braces in \itemize; \value handles \item{}{} directly
checkRd: (-1) forecast_volume.Rd:19: Lost braces in \itemize; \value handles \item{}{} directly
checkRd: (-1) forecast_volume.Rd:20: Lost braces in \itemize; \value handles \item{}{} directly
checkRd: (-1) forecast_volume.Rd:21: Lost braces in \itemize; \value handles \item{}{} directly
checkRd: (-1) forecast_volume.Rd:22: Lost braces in \itemize; \value handles \item{}{} directly
checkRd: (-1) generate_plots.Rd:15: Lost braces in \itemize; \value handles \item{}{} directly
checkRd: (-1) generate_plots.Rd:16: Lost braces in \itemize; \value handles \item{}{} directly
checkRd: (-1) generate_plots.Rd:17: Lost braces in \itemize; \value handles \item{}{} directly
Flavors: r-devel-linux-x86_64-debian-clang, r-devel-linux-x86_64-debian-gcc