Last updated on 2023-12-04 01:48:45 CET.
Flavor | Version | Tinstall | Tcheck | Ttotal | Status | Flags |
---|---|---|---|---|---|---|
r-devel-linux-x86_64-debian-clang | 1.0.1 | 159.84 | 75.94 | 235.78 | WARN | |
r-devel-linux-x86_64-debian-gcc | 1.0.2 | 112.86 | 57.91 | 170.77 | OK | |
r-devel-linux-x86_64-fedora-clang | 1.0.2 | 352.48 | OK | |||
r-devel-linux-x86_64-fedora-gcc | 1.0.2 | 376.74 | OK | |||
r-devel-windows-x86_64 | 1.0.2 | 130.00 | 102.00 | 232.00 | OK | |
r-patched-linux-x86_64 | 1.0.1 | 147.83 | 70.84 | 218.67 | OK | |
r-release-linux-x86_64 | 1.0.2 | 141.14 | 73.20 | 214.34 | OK | |
r-release-macos-arm64 | 1.0.2 | 95.00 | NOTE | |||
r-release-macos-x86_64 | 1.0.2 | 131.00 | NOTE | |||
r-release-windows-x86_64 | 1.0.2 | 111.00 | 124.00 | 235.00 | OK | |
r-oldrel-macos-arm64 | 1.0.2 | 81.00 | NOTE | |||
r-oldrel-macos-x86_64 | 1.0.1 | 106.00 | NOTE | |||
r-oldrel-windows-x86_64 | 1.0.2 | 103.00 | 123.00 | 226.00 | OK |
Version: 1.0.1
Check: whether package can be installed
Result: WARN
Found the following significant warnings:
./warn.h:16:30: warning: format string is not a string literal (potentially insecure) [-Wformat-security]
See ‘/home/hornik/tmp/R.check/r-devel-clang/Work/PKGS/ipaddress.Rcheck/00install.out’ for details.
* used C++ compiler: ‘Debian clang version 17.0.5 (1)’
Flavor: r-devel-linux-x86_64-debian-clang
Version: 1.0.2
Check: installed package size
Result: NOTE
installed size is 6.9Mb
sub-directories of 1Mb or more:
libs 6.4Mb
Flavors: r-release-macos-arm64, r-release-macos-x86_64, r-oldrel-macos-arm64
Version: 1.0.1
Check: installed package size
Result: NOTE
installed size is 6.9Mb
sub-directories of 1Mb or more:
libs 6.4Mb
Flavor: r-oldrel-macos-x86_64