Last updated on 2023-12-01 00:51:59 CET.
Flavor | Version | Tinstall | Tcheck | Ttotal | Status | Flags |
---|---|---|---|---|---|---|
r-devel-linux-x86_64-debian-clang | 0.2.7 | 232.67 | 215.01 | 447.68 | NOTE | |
r-devel-linux-x86_64-debian-gcc | 0.2.7 | 162.45 | 160.42 | 322.87 | NOTE | |
r-devel-linux-x86_64-fedora-clang | 0.2.7 | 625.26 | NOTE | |||
r-devel-linux-x86_64-fedora-gcc | 0.2.7 | 631.63 | NOTE | |||
r-devel-windows-x86_64 | 0.2.7 | 140.00 | 205.00 | 345.00 | NOTE | |
r-patched-linux-x86_64 | 0.2.7 | 198.57 | 203.84 | 402.41 | NOTE | |
r-release-linux-x86_64 | 0.2.7 | 192.64 | 204.98 | 397.62 | NOTE | |
r-release-macos-arm64 | 0.2.7 | 135.00 | NOTE | |||
r-release-macos-x86_64 | 0.2.7 | 271.00 | NOTE | |||
r-release-windows-x86_64 | 0.2.7 | 161.00 | 266.00 | 427.00 | NOTE | |
r-oldrel-macos-arm64 | 0.2.7 | 127.00 | NOTE | |||
r-oldrel-macos-x86_64 | 0.2.7 | 172.00 | NOTE | |||
r-oldrel-windows-x86_64 | 0.2.7 | 216.00 | 225.00 | 441.00 | OK |
Version: 0.2.7
Check: C++ specification
Result: NOTE
Specified C++11: please drop specification unless essential
Flavors: r-devel-linux-x86_64-debian-clang, r-devel-linux-x86_64-debian-gcc, r-devel-linux-x86_64-fedora-clang, r-devel-linux-x86_64-fedora-gcc, r-devel-windows-x86_64, r-patched-linux-x86_64, r-release-linux-x86_64, r-release-macos-arm64, r-release-macos-x86_64, r-release-windows-x86_64
Version: 0.2.7
Check: Rd files
Result: NOTE
checkRd: (-1) Response-class.Rd:33: Lost braces
33 | responses. For example, code{misc = list(item_role = c("O", "O", "O","F"))}
| ^
checkRd: (-1) ks.Rd:38: Lost braces in \itemize; meant \describe ?
checkRd: (-1) ks.Rd:39: Lost braces in \itemize; meant \describe ?
checkRd: (-1) ks.Rd:40-41: Lost braces in \itemize; meant \describe ?
checkRd: (-1) ks.Rd:42-44: Lost braces in \itemize; meant \describe ?
checkRd: (-1) ks.Rd:62: Lost braces in \itemize; \value handles \item{}{} directly
checkRd: (-1) ks.Rd:63-65: Lost braces in \itemize; \value handles \item{}{} directly
checkRd: (-1) ks.Rd:66-67: Lost braces in \itemize; \value handles \item{}{} directly
checkRd: (-1) ks.Rd:68-69: Lost braces in \itemize; \value handles \item{}{} directly
checkRd: (-1) ks.Rd:70: Lost braces in \itemize; \value handles \item{}{} directly
checkRd: (-1) plot.cat_output.Rd:36-37: Lost braces in \itemize; meant \describe ?
checkRd: (-1) plot.cat_output.Rd:38-39: Lost braces in \itemize; meant \describe ?
checkRd: (-1) plot.cat_output.Rd:40: Lost braces in \itemize; meant \describe ?
checkRd: (-1) response.Rd:39: Lost braces
39 | responses. For example, code{misc = list(item_role = c("O", "O", "O","F"))}
| ^
Flavors: r-devel-linux-x86_64-debian-clang, r-devel-linux-x86_64-debian-gcc
Version: 0.2.7
Check: Rd \usage sections
Result: NOTE
Documented arguments not in \usage in Rd file 'print.cat_output.Rd':
‘object’
Documented arguments not in \usage in Rd file 'sub-subset-Itempool-numeric-missing-method.Rd':
‘...’
Documented arguments not in \usage in Rd file 'sub-subset-Response_set-numeric-missing-method.Rd':
‘...’
Documented arguments not in \usage in Rd file 'sub-subset-Testlet-numeric-missing-method.Rd':
‘...’
Functions with \usage entries need to have the appropriate \alias
entries, and all their arguments documented.
The \usage entries must correspond to syntactically valid R code.
See chapter ‘Writing R documentation files’ in the ‘Writing R
Extensions’ manual.
S3 methods shown with full name in Rd file 'print.Item.Rd':
‘print.Item’
The \usage entries for S3 methods should use the \method markup and not
their full name.
See chapter ‘Writing R documentation files’ in the ‘Writing R
Extensions’ manual.
Flavors: r-devel-linux-x86_64-debian-clang, r-devel-linux-x86_64-debian-gcc, r-devel-linux-x86_64-fedora-clang, r-devel-linux-x86_64-fedora-gcc, r-devel-windows-x86_64
Version: 0.2.7
Check: Rd \usage sections
Result: NOTE
S3 methods shown with full name in documentation object 'print.Item':
‘print.Item’
The \usage entries for S3 methods should use the \method markup and not
their full name.
See chapter ‘Writing R documentation files’ in the ‘Writing R
Extensions’ manual.
Flavors: r-patched-linux-x86_64, r-release-linux-x86_64, r-release-macos-arm64, r-release-macos-x86_64, r-release-windows-x86_64
Version: 0.2.7
Check: installed package size
Result: NOTE
installed size is 10.0Mb
sub-directories of 1Mb or more:
libs 8.4Mb
Flavors: r-release-macos-arm64, r-release-macos-x86_64, r-oldrel-macos-arm64, r-oldrel-macos-x86_64