Last updated on 2023-12-07 01:54:37 CET.
Flavor | Version | Tinstall | Tcheck | Ttotal | Status | Flags |
---|---|---|---|---|---|---|
r-devel-linux-x86_64-debian-clang | 1.5.1 | 17.23 | 97.43 | 114.66 | NOTE | |
r-devel-linux-x86_64-debian-gcc | 1.5.1 | 14.47 | 76.17 | 90.64 | NOTE | |
r-devel-linux-x86_64-fedora-clang | 1.5.1 | 143.71 | NOTE | |||
r-devel-linux-x86_64-fedora-gcc | 1.5.1 | 139.29 | NOTE | |||
r-devel-windows-x86_64 | 1.5.1 | 21.00 | 93.00 | 114.00 | NOTE | |
r-patched-linux-x86_64 | 1.5.1 | 20.95 | 95.74 | 116.69 | OK | |
r-release-linux-x86_64 | 1.5.1 | 14.99 | 94.21 | 109.20 | OK | |
r-release-macos-arm64 | 1.5.1 | 44.00 | OK | |||
r-release-macos-x86_64 | 1.5.1 | 131.00 | OK | |||
r-release-windows-x86_64 | 1.5.1 | 24.00 | 112.00 | 136.00 | OK | |
r-oldrel-macos-arm64 | 1.5.1 | 47.00 | OK | |||
r-oldrel-macos-x86_64 | 1.5.1 | 60.00 | OK | |||
r-oldrel-windows-x86_64 | 1.5.1 | 23.00 | 117.00 | 140.00 | OK |
Version: 1.5.1
Check: Rd \usage sections
Result: NOTE
Objects in \usage without \alias in Rd file 'islasso-internal.Rd':
‘modelX’ ‘.checkinput’ ‘.startpoint’ ‘.islasso’
‘checkinput.islasso.path’ ‘startpoint.islasso.path’
‘islasso.path.fit.glm’ ‘islasso.path.fitter2’ ‘interpolate’ ‘makeHyp’
‘printHyp’ ‘cislasso’ ‘ci.fitted.islasso’
Functions with \usage entries need to have the appropriate \alias
entries, and all their arguments documented.
The \usage entries must correspond to syntactically valid R code.
See chapter ‘Writing R documentation files’ in the ‘Writing R
Extensions’ manual.
Flavors: r-devel-linux-x86_64-debian-clang, r-devel-linux-x86_64-debian-gcc, r-devel-linux-x86_64-fedora-clang, r-devel-linux-x86_64-fedora-gcc, r-devel-windows-x86_64