Last updated on 2024-08-16 00:48:23 CEST.
Flavor | Version | Tinstall | Tcheck | Ttotal | Status | Flags |
---|---|---|---|---|---|---|
r-devel-linux-x86_64-debian-clang | 1.1.1 | 3.78 | 39.65 | 43.43 | OK | |
r-devel-linux-x86_64-debian-gcc | 1.1.1 | 3.76 | 29.50 | 33.26 | OK | |
r-devel-linux-x86_64-fedora-clang | 1.1.1 | 72.36 | NOTE | |||
r-devel-linux-x86_64-fedora-gcc | 1.1.1 | 67.33 | OK | |||
r-devel-windows-x86_64 | 1.1.1 | 7.00 | 57.00 | 64.00 | OK | |
r-patched-linux-x86_64 | 1.1.1 | 3.89 | 37.98 | 41.87 | OK | |
r-release-linux-x86_64 | 1.1.1 | 5.10 | 37.81 | 42.91 | OK | |
r-release-macos-arm64 | 1.1.1 | 23.00 | OK | |||
r-release-macos-x86_64 | 1.1.1 | 32.00 | OK | |||
r-release-windows-x86_64 | 1.1.1 | 8.00 | 62.00 | 70.00 | OK | |
r-oldrel-macos-arm64 | 1.1.1 | 24.00 | OK | |||
r-oldrel-macos-x86_64 | 1.1.1 | 33.00 | OK | |||
r-oldrel-windows-x86_64 | 1.1.1 | 9.00 | 64.00 | 73.00 | OK |
Version: 1.1.1
Check: Rd cross-references
Result: NOTE
Undeclared package ‘AER’ in Rd xrefs
Flavor: r-devel-linux-x86_64-fedora-clang