Last updated on 2024-08-16 00:48:23 CEST.
Flavor | Version | Tinstall | Tcheck | Ttotal | Status | Flags |
---|---|---|---|---|---|---|
r-devel-linux-x86_64-debian-clang | 0.1.0 | 5.65 | 47.85 | 53.50 | OK | |
r-devel-linux-x86_64-debian-gcc | 0.1.0 | 4.28 | 36.03 | 40.31 | OK | |
r-devel-linux-x86_64-fedora-clang | 0.1.0 | 88.33 | NOTE | |||
r-devel-linux-x86_64-fedora-gcc | 0.1.0 | 96.46 | NOTE | |||
r-devel-windows-x86_64 | 0.1.0 | 8.00 | 67.00 | 75.00 | OK | |
r-patched-linux-x86_64 | 0.1.0 | 5.59 | 46.49 | 52.08 | OK | |
r-release-linux-x86_64 | 0.1.0 | 5.07 | 46.57 | 51.64 | OK | |
r-release-macos-arm64 | 0.1.0 | 31.00 | OK | |||
r-release-macos-x86_64 | 0.1.0 | 52.00 | OK | |||
r-release-windows-x86_64 | 0.1.0 | 11.00 | 73.00 | 84.00 | OK | |
r-oldrel-macos-arm64 | 0.1.0 | 30.00 | OK | |||
r-oldrel-macos-x86_64 | 0.1.0 | 47.00 | OK | |||
r-oldrel-windows-x86_64 | 0.1.0 | 10.00 | 75.00 | 85.00 | OK |
Version: 0.1.0
Check: dependencies in R code
Result: NOTE
Namespaces in Imports field not imported from:
‘fBasics’ ‘reshape’ ‘tidyr’ ‘utils’
All declared Imports should be used.
Flavors: r-devel-linux-x86_64-fedora-clang, r-devel-linux-x86_64-fedora-gcc
Version: 0.1.0
Check: data for non-ASCII characters
Result: NOTE
Note: found 2261 marked UTF-8 strings
Flavors: r-devel-linux-x86_64-fedora-clang, r-devel-linux-x86_64-fedora-gcc