CRAN Package Check Results for Package joinXL

Last updated on 2024-02-22 01:57:31 CET.

Flavor Version Tinstall Tcheck Ttotal Status Flags
r-devel-linux-x86_64-debian-clang 1.0.1 NOTE
r-devel-linux-x86_64-debian-gcc 1.0.1 5.76 56.35 62.11 NOTE
r-devel-linux-x86_64-fedora-clang 1.0.1 102.02 NOTE
r-devel-linux-x86_64-fedora-gcc 1.0.1 110.01 NOTE
r-devel-windows-x86_64 1.0.1 7.00 70.00 77.00 NOTE
r-patched-linux-x86_64 1.0.1 6.90 72.90 79.80 NOTE
r-release-linux-x86_64 1.0.1 4.85 73.39 78.24 NOTE
r-release-macos-arm64 1.0.1 34.00 NOTE
r-release-macos-x86_64 1.0.1 61.00 NOTE
r-release-windows-x86_64 1.0.1 10.00 81.00 91.00 NOTE
r-oldrel-macos-arm64 1.0.1 30.00 NOTE
r-oldrel-windows-x86_64 1.0.1 10.00 82.00 92.00 NOTE

Check Details

Version: 1.0.1
Check: LazyData
Result: NOTE 'LazyData' is specified without a 'data' directory Flavors: r-devel-linux-x86_64-debian-clang, r-devel-linux-x86_64-debian-gcc, r-devel-linux-x86_64-fedora-clang, r-devel-linux-x86_64-fedora-gcc, r-devel-windows-x86_64, r-patched-linux-x86_64, r-release-linux-x86_64, r-release-macos-arm64, r-release-macos-x86_64, r-release-windows-x86_64, r-oldrel-macos-arm64, r-oldrel-windows-x86_64