Last updated on 2023-11-28 12:51:33 CET.
Flavor | Version | Tinstall | Tcheck | Ttotal | Status | Flags |
---|---|---|---|---|---|---|
r-devel-linux-x86_64-debian-clang | 0.4.6 | 116.47 | 602.04 | 718.51 | NOTE | --no-tests |
r-devel-linux-x86_64-debian-gcc | 0.4.6 | 85.56 | 1140.29 | 1225.85 | NOTE | --no-tests |
r-devel-linux-x86_64-fedora-clang | 0.4.6 | 1016.12 | NOTE | |||
r-devel-linux-x86_64-fedora-gcc | 0.4.6 | 1035.77 | NOTE | |||
r-devel-windows-x86_64 | 0.4.6 | 89.00 | 429.00 | 518.00 | NOTE | |
r-patched-linux-x86_64 | 0.4.6 | 80.24 | 625.45 | 705.69 | NOTE | --no-tests |
r-release-linux-x86_64 | 0.4.6 | 79.14 | 579.96 | 659.10 | NOTE | --no-tests |
r-release-macos-arm64 | 0.4.6 | 255.00 | NOTE | |||
r-release-macos-x86_64 | 0.4.6 | 405.00 | NOTE | |||
r-release-windows-x86_64 | 0.4.6 | 113.00 | 516.00 | 629.00 | NOTE | |
r-oldrel-macos-arm64 | 0.4.6 | 157.00 | NOTE | |||
r-oldrel-macos-x86_64 | 0.4.6 | 239.00 | NOTE | |||
r-oldrel-windows-x86_64 | 0.4.6 | 113.00 | 533.00 | 646.00 | OK |
Version: 0.4.6
Flags: --no-tests
Check: C++ specification
Result: NOTE
Specified C++11: please drop specification unless essential
Flavors: r-devel-linux-x86_64-debian-clang, r-devel-linux-x86_64-debian-gcc, r-patched-linux-x86_64, r-release-linux-x86_64
Version: 0.4.6
Check: C++ specification
Result: NOTE
Specified C++11: please drop specification unless essential
Flavors: r-devel-linux-x86_64-fedora-clang, r-devel-linux-x86_64-fedora-gcc, r-devel-windows-x86_64, r-release-macos-arm64, r-release-macos-x86_64, r-release-windows-x86_64
Version: 0.4.6
Check: installed package size
Result: NOTE
installed size is 6.6Mb
sub-directories of 1Mb or more:
data 1.3Mb
libs 4.1Mb
Flavors: r-release-macos-arm64, r-release-macos-x86_64, r-oldrel-macos-arm64, r-oldrel-macos-x86_64