Last updated on 2023-11-29 01:49:25 CET.
Flavor | Version | Tinstall | Tcheck | Ttotal | Status | Flags |
---|---|---|---|---|---|---|
r-devel-linux-x86_64-debian-clang | 1.0-4 | 32.92 | 264.06 | 296.98 | NOTE | |
r-devel-linux-x86_64-debian-gcc | 1.0-4 | 24.11 | 196.35 | 220.46 | NOTE | |
r-devel-linux-x86_64-fedora-clang | 1.0-4 | 368.19 | OK | |||
r-devel-linux-x86_64-fedora-gcc | 1.0-4 | 359.03 | OK | |||
r-devel-windows-x86_64 | 1.0-4 | 25.00 | 163.00 | 188.00 | OK | |
r-patched-linux-x86_64 | 1.0-4 | 25.40 | 254.95 | 280.35 | OK | |
r-release-linux-x86_64 | 1.0-4 | 26.83 | 252.77 | 279.60 | OK | |
r-release-macos-arm64 | 1.0-4 | 83.00 | OK | |||
r-release-macos-x86_64 | 1.0-4 | 158.00 | OK | |||
r-release-windows-x86_64 | 1.0-4 | 34.00 | 226.00 | 260.00 | OK | |
r-oldrel-macos-arm64 | 1.0-4 | 78.00 | OK | |||
r-oldrel-macos-x86_64 | 1.0-4 | 98.00 | OK | |||
r-oldrel-windows-x86_64 | 1.0-4 | 33.00 | 220.00 | 253.00 | OK |
Version: 1.0-4
Check: Rd files
Result: NOTE
checkRd: (-1) kissmig.Rd:32: Lost braces
32 | migration in species distribution models (\doi{10.1111/ecog.00930}{Nobis and Normand 2014}).
| ^
checkRd: (-1) kissmig.Rd:86: Lost braces
86 | \item{\doi{10.1111/ecog.00930}{Nobis MP and Normand S (2014)} KISSMig - a simple model for R to account for
| ^
Flavors: r-devel-linux-x86_64-debian-clang, r-devel-linux-x86_64-debian-gcc