Last updated on 2023-11-28 12:51:35 CET.
Flavor | Version | Tinstall | Tcheck | Ttotal | Status | Flags |
---|---|---|---|---|---|---|
r-devel-linux-x86_64-debian-clang | 0.3.6 | 4.05 | 156.75 | 160.80 | NOTE | |
r-devel-linux-x86_64-debian-gcc | 0.3.6 | 2.92 | 118.35 | 121.27 | NOTE | |
r-devel-linux-x86_64-fedora-clang | 0.3.6 | 192.00 | OK | |||
r-devel-linux-x86_64-fedora-gcc | 0.3.6 | 204.37 | OK | |||
r-devel-windows-x86_64 | 0.3.6 | 5.00 | 200.00 | 205.00 | OK | |
r-patched-linux-x86_64 | 0.3.6 | 3.87 | 150.83 | 154.70 | OK | |
r-release-linux-x86_64 | 0.3.6 | 3.48 | 149.01 | 152.49 | OK | |
r-release-macos-arm64 | 0.3.6 | 71.00 | OK | |||
r-release-macos-x86_64 | 0.3.6 | 115.00 | OK | |||
r-release-windows-x86_64 | 0.3.6 | 6.00 | 228.00 | 234.00 | OK | |
r-oldrel-macos-arm64 | 0.3.6 | 68.00 | OK | |||
r-oldrel-macos-x86_64 | 0.3.6 | 98.00 | OK | |||
r-oldrel-windows-x86_64 | 0.3.6 | 6.00 | 230.00 | 236.00 | OK |
Version: 0.3.6
Check: Rd files
Result: NOTE
checkRd: (-1) knockoff.Rd:22-24: Lost braces in \itemize; meant \describe ?
checkRd: (-1) knockoff.Rd:25-27: Lost braces in \itemize; meant \describe ?
Flavors: r-devel-linux-x86_64-debian-clang, r-devel-linux-x86_64-debian-gcc