CRAN Package Check Results for Package labdsv

Last updated on 2024-02-22 01:57:32 CET.

Flavor Version Tinstall Tcheck Ttotal Status Flags
r-devel-linux-x86_64-debian-clang 2.1-0 NOTE
r-devel-linux-x86_64-debian-gcc 2.1-0 10.26 79.22 89.48 NOTE
r-devel-linux-x86_64-fedora-clang 2.1-0 150.98 NOTE
r-devel-linux-x86_64-fedora-gcc 2.1-0 153.16 NOTE
r-devel-windows-x86_64 2.1-0 17.00 111.00 128.00 OK
r-patched-linux-x86_64 2.1-0 16.41 105.39 121.80 OK
r-release-linux-x86_64 2.1-0 14.66 105.41 120.07 OK
r-release-macos-arm64 2.1-0 48.00 OK
r-release-macos-x86_64 2.1-0 120.00 OK
r-release-windows-x86_64 2.1-0 21.00 126.00 147.00 OK
r-oldrel-macos-arm64 2.1-0 45.00 OK
r-oldrel-windows-x86_64 2.1-0 21.00 129.00 150.00 OK

Check Details

Version: 2.1-0
Check: Rd files
Result: NOTE checkRd: (-1) reconcile.Rd:26: Lost braces 26 | refer to as the sQuote{comm} data.frame. The other data.frame contains all the | ^ Flavors: r-devel-linux-x86_64-debian-clang, r-devel-linux-x86_64-debian-gcc

Version: 2.1-0
Check: Rd cross-references
Result: NOTE Undeclared package ‘fso’ in Rd xrefs Flavor: r-devel-linux-x86_64-fedora-clang

Version: 2.1-0
Check: compiled code
Result: NOTE File ‘labdsv/libs/labdsv.so’: Found no calls to: ‘R_registerRoutines’, ‘R_useDynamicSymbols’ It is good practice to register native routines and to disable symbol search. See ‘Writing portable packages’ in the ‘Writing R Extensions’ manual. Flavors: r-devel-linux-x86_64-fedora-clang, r-devel-linux-x86_64-fedora-gcc