CRAN Package Check Results for Package lda

Last updated on 2024-02-22 01:57:32 CET.

Flavor Version Tinstall Tcheck Ttotal Status Flags
r-devel-linux-x86_64-debian-clang 1.4.2 NOTE
r-devel-linux-x86_64-debian-gcc 1.4.2 4.34 36.30 40.64 NOTE
r-devel-linux-x86_64-fedora-clang 1.4.2 62.04 NOTE
r-devel-linux-x86_64-fedora-gcc 1.4.2 62.49 NOTE
r-devel-windows-x86_64 1.4.2 7.00 68.00 75.00 NOTE
r-patched-linux-x86_64 1.4.2 5.18 44.81 49.99 OK
r-release-linux-x86_64 1.4.2 5.53 44.74 50.27 OK
r-release-macos-arm64 1.4.2 26.00 OK
r-release-macos-x86_64 1.4.2 41.00 OK
r-release-windows-x86_64 1.4.2 7.00 71.00 78.00 OK
r-oldrel-macos-arm64 1.4.2 26.00 OK
r-oldrel-windows-x86_64 1.4.2 9.00 74.00 83.00 OK

Check Details

Version: 1.4.2
Check: Rd contents
Result: NOTE Argument items with no description in Rd file 'top.topic.words.Rd': ‘alpha’ Flavors: r-devel-linux-x86_64-debian-clang, r-devel-linux-x86_64-debian-gcc, r-devel-linux-x86_64-fedora-clang, r-devel-linux-x86_64-fedora-gcc, r-devel-windows-x86_64

Version: 1.4.2
Check: compiled code
Result: NOTE File ‘lda/libs/lda.so’: Found no calls to: ‘R_registerRoutines’, ‘R_useDynamicSymbols’ It is good practice to register native routines and to disable symbol search. See ‘Writing portable packages’ in the ‘Writing R Extensions’ manual. Flavors: r-devel-linux-x86_64-fedora-clang, r-devel-linux-x86_64-fedora-gcc