Last updated on 2023-12-03 01:57:50 CET.
Flavor | Version | Tinstall | Tcheck | Ttotal | Status | Flags |
---|---|---|---|---|---|---|
r-devel-linux-x86_64-debian-clang | 1.0.2 | 5.42 | 246.42 | 251.84 | NOTE | |
r-devel-linux-x86_64-debian-gcc | 1.0.2 | 4.27 | 186.67 | 190.94 | NOTE | |
r-devel-linux-x86_64-fedora-clang | 1.0.2 | 340.81 | NOTE | |||
r-devel-linux-x86_64-fedora-gcc | 1.0.2 | 355.57 | NOTE | |||
r-devel-windows-x86_64 | 1.0.2 | 6.00 | 184.00 | 190.00 | NOTE | |
r-patched-linux-x86_64 | 1.0.2 | 5.19 | 241.35 | 246.54 | OK | |
r-release-linux-x86_64 | 1.0.2 | 4.80 | 237.24 | 242.04 | OK | |
r-release-macos-arm64 | 1.0.2 | 88.00 | OK | |||
r-release-macos-x86_64 | 1.0.2 | 161.00 | OK | |||
r-release-windows-x86_64 | 1.0.2 | 8.00 | 253.00 | 261.00 | OK | |
r-oldrel-macos-arm64 | 1.0.2 | 66.00 | OK | |||
r-oldrel-macos-x86_64 | 1.0.2 | 128.00 | OK | |||
r-oldrel-windows-x86_64 | 1.0.2 | 9.00 | 248.00 | 257.00 | OK |
Version: 1.0.2
Check: Rd files
Result: NOTE
checkRd: (-1) set_param.Rd:23: Lost braces in \itemize; meant \describe ?
checkRd: (-1) set_param.Rd:24-30: Lost braces in \itemize; meant \describe ?
checkRd: (-1) set_param.Rd:26: Lost braces in \itemize; meant \describe ?
checkRd: (-1) set_param.Rd:27: Lost braces in \itemize; meant \describe ?
checkRd: (-1) set_param.Rd:28: Lost braces in \itemize; meant \describe ?
checkRd: (-1) set_param.Rd:31-32: Lost braces in \itemize; meant \describe ?
checkRd: (-1) set_param.Rd:33: Lost braces in \itemize; meant \describe ?
checkRd: (-1) set_param.Rd:34: Lost braces in \itemize; meant \describe ?
Flavors: r-devel-linux-x86_64-debian-clang, r-devel-linux-x86_64-debian-gcc
Version: 1.0.2
Check: Rd \usage sections
Result: NOTE
Documented arguments not in \usage in Rd file 'dot-choose_best_subjects.Rd':
‘best’ ‘candidate’
Documented arguments not in \usage in Rd file 'dot-normalize_props.Rd':
‘keep_all_items’
Functions with \usage entries need to have the appropriate \alias
entries, and all their arguments documented.
The \usage entries must correspond to syntactically valid R code.
See chapter ‘Writing R documentation files’ in the ‘Writing R
Extensions’ manual.
Flavors: r-devel-linux-x86_64-debian-clang, r-devel-linux-x86_64-debian-gcc, r-devel-linux-x86_64-fedora-clang, r-devel-linux-x86_64-fedora-gcc, r-devel-windows-x86_64