Last updated on 2023-12-09 13:48:31 CET.
Flavor | Version | Tinstall | Tcheck | Ttotal | Status | Flags |
---|---|---|---|---|---|---|
r-devel-linux-x86_64-debian-clang | 0.4.0 | 40.60 | 135.21 | 175.81 | OK | |
r-devel-linux-x86_64-debian-gcc | 0.4.0 | 36.54 | 97.56 | 134.10 | OK | |
r-devel-linux-x86_64-fedora-clang | 0.4.0 | 239.31 | NOTE | |||
r-devel-linux-x86_64-fedora-gcc | 0.4.0 | 263.58 | NOTE | |||
r-devel-windows-x86_64 | 0.4.0 | 40.00 | 176.00 | 216.00 | OK | |
r-patched-linux-x86_64 | 0.4.0 | 30.48 | 131.09 | 161.57 | OK | |
r-release-linux-x86_64 | 0.4.0 | 32.90 | 128.95 | 161.85 | OK | |
r-release-macos-arm64 | 0.4.0 | 76.00 | OK | |||
r-release-macos-x86_64 | 0.4.0 | 149.00 | OK | |||
r-release-windows-x86_64 | 0.4.0 | 52.00 | 194.00 | 246.00 | OK | |
r-oldrel-macos-arm64 | 0.4.0 | 72.00 | OK | |||
r-oldrel-macos-x86_64 | 0.4.0 | 96.00 | OK | |||
r-oldrel-windows-x86_64 | 0.4.0 | 50.00 | 194.00 | 244.00 | OK |
Version: 0.4.0
Check: dependencies in R code
Result: NOTE
Namespaces in Imports field not imported from:
‘RColorBrewer’ ‘RcppProgress’ ‘rgen’
All declared Imports should be used.
Flavors: r-devel-linux-x86_64-fedora-clang, r-devel-linux-x86_64-fedora-gcc