Last updated on 2023-12-08 13:50:04 CET.
Flavor | Version | Tinstall | Tcheck | Ttotal | Status | Flags |
---|---|---|---|---|---|---|
r-devel-linux-x86_64-debian-clang | 0.3.5 | 29.70 | 332.31 | 362.01 | NOTE | |
r-devel-linux-x86_64-debian-gcc | 0.3.5 | 28.68 | 240.67 | 269.35 | NOTE | |
r-devel-linux-x86_64-fedora-clang | 0.3.5 | 437.15 | NOTE | |||
r-devel-linux-x86_64-fedora-gcc | 0.3.5 | 427.45 | NOTE | |||
r-devel-windows-x86_64 | 0.3.5 | 26.00 | 213.00 | 239.00 | NOTE | |
r-patched-linux-x86_64 | 0.3.5 | 19.92 | 320.97 | 340.89 | NOTE | |
r-release-linux-x86_64 | 0.3.5 | 20.84 | 311.20 | 332.04 | NOTE | |
r-release-macos-arm64 | 0.3.5 | 109.00 | NOTE | |||
r-release-macos-x86_64 | 0.3.5 | 193.00 | NOTE | |||
r-release-windows-x86_64 | 0.3.5 | 37.00 | 277.00 | 314.00 | NOTE | |
r-oldrel-macos-arm64 | 0.3.5 | 62.00 | OK | |||
r-oldrel-macos-x86_64 | 0.3.5 | 167.00 | OK | |||
r-oldrel-windows-x86_64 | 0.3.5 | 38.00 | 268.00 | 306.00 | OK |
Version: 0.3.5
Check: package subdirectories
Result: NOTE
Problems with news in ‘NEWS.md’:
Cannot extract version info from the following section titles:
light.interception.voxels() - This function create the Fraction absorbed incident light
light.interception.raster() - Create a raster of Fraction absorbed incident light
light.incident.voxels() - This function create the Fraction incident light
light.incident.raster() - Create a raster of the Fraction incident light
Flavors: r-devel-linux-x86_64-debian-clang, r-devel-linux-x86_64-debian-gcc, r-devel-linux-x86_64-fedora-clang, r-devel-linux-x86_64-fedora-gcc, r-devel-windows-x86_64, r-patched-linux-x86_64, r-release-linux-x86_64, r-release-macos-arm64, r-release-macos-x86_64, r-release-windows-x86_64