CRAN Package Check Results for Package leafsync

Last updated on 2024-04-20 00:56:12 CEST.

Flavor Version Tinstall Tcheck Ttotal Status Flags
r-devel-linux-x86_64-debian-clang 0.1.0 2.48 21.43 23.91 NOTE
r-devel-linux-x86_64-debian-gcc 0.1.0 NOTE
r-devel-linux-x86_64-fedora-clang 0.1.0 31.32 NOTE
r-devel-linux-x86_64-fedora-gcc 0.1.0 29.14 NOTE
r-prerel-macos-arm64 0.1.0 15.00 NOTE
r-prerel-windows-x86_64 0.1.0 3.00 38.00 41.00 NOTE
r-patched-linux-x86_64 0.1.0 2.18 21.53 23.71 NOTE
r-release-linux-x86_64 0.1.0 1.76 21.67 23.43 NOTE
r-release-macos-arm64 0.1.0 14.00 NOTE
r-release-macos-x86_64 0.1.0 20.00 NOTE
r-release-windows-x86_64 0.1.0 4.00 38.00 42.00 NOTE
r-oldrel-macos-arm64 0.1.0 15.00 NOTE
r-oldrel-windows-x86_64 0.1.0 4.00 44.00 48.00 NOTE

Check Details

Version: 0.1.0
Check: LazyData
Result: NOTE 'LazyData' is specified without a 'data' directory Flavors: r-devel-linux-x86_64-debian-clang, r-devel-linux-x86_64-debian-gcc, r-devel-linux-x86_64-fedora-clang, r-devel-linux-x86_64-fedora-gcc, r-prerel-macos-arm64, r-prerel-windows-x86_64, r-patched-linux-x86_64, r-release-linux-x86_64, r-release-macos-arm64, r-release-macos-x86_64, r-release-windows-x86_64, r-oldrel-macos-arm64, r-oldrel-windows-x86_64

Version: 0.1.0
Check: dependencies in R code
Result: NOTE Namespace in Imports field not imported from: ‘leaflet’ All declared Imports should be used. Flavors: r-devel-linux-x86_64-fedora-clang, r-devel-linux-x86_64-fedora-gcc, r-oldrel-macos-arm64