Last updated on 2023-11-30 01:53:33 CET.
Flavor | Version | Tinstall | Tcheck | Ttotal | Status | Flags |
---|---|---|---|---|---|---|
r-devel-linux-x86_64-debian-clang | 3.11.1-1 | 808.46 | 25.47 | 833.93 | WARN | |
r-devel-linux-x86_64-debian-gcc | 3.11.1-1 | 521.38 | 19.49 | 540.87 | WARN | |
r-devel-linux-x86_64-fedora-clang | 3.11.1-2 | 1919.96 | OK | |||
r-devel-linux-x86_64-fedora-gcc | 3.11.1-2 | 1470.20 | OK | |||
r-devel-windows-x86_64 | 3.11.1-1 | 486.00 | 102.00 | 588.00 | WARN | |
r-patched-linux-x86_64 | 3.11.1-1 | 652.27 | 24.81 | 677.08 | NOTE | |
r-release-linux-x86_64 | 3.11.1-1 | 659.68 | 24.55 | 684.23 | NOTE | |
r-release-macos-arm64 | 3.11.1-2 | 254.00 | NOTE | |||
r-release-macos-x86_64 | 3.11.1-1 | 490.00 | NOTE | |||
r-release-windows-x86_64 | 3.11.1-1 | 541.00 | 109.00 | 650.00 | NOTE | |
r-oldrel-macos-arm64 | 3.11.1-2 | 252.00 | NOTE | |||
r-oldrel-macos-x86_64 | 3.11.1-1 | 343.00 | NOTE | |||
r-oldrel-windows-x86_64 | 3.11.1-1 | 711.00 | 96.00 | 807.00 | OK |
Version: 3.11.1-1
Check: whether package can be installed
Result: WARN
Found the following significant warnings:
libgeos-cpp-compat.cpp:13:17: warning: field precision should have type 'int', but argument has type 'std::streamsize' (aka 'long') [-Wformat]
See ‘/home/hornik/tmp/R.check/r-devel-clang/Work/PKGS/libgeos.Rcheck/00install.out’ for details.
* used C compiler: ‘Debian clang version 17.0.5 (1)’
* used C++ compiler: ‘Debian clang version 17.0.5 (1)’
Flavor: r-devel-linux-x86_64-debian-clang
Version: 3.11.1-1
Check: C++ specification
Result: NOTE
Specified C++11: please drop specification unless essential
Flavors: r-devel-linux-x86_64-debian-clang, r-devel-linux-x86_64-debian-gcc, r-devel-windows-x86_64, r-patched-linux-x86_64, r-release-linux-x86_64, r-release-macos-x86_64, r-release-windows-x86_64
Version: 3.11.1-1
Check: whether package can be installed
Result: WARN
Found the following significant warnings:
libgeos-cpp-compat.cpp:13:17: warning: field precision specifier ‘.*’ expects argument of type ‘int’, but argument 2 has type ‘std::streamsize’ {aka ‘long int’} [-Wformat=]
See ‘/home/hornik/tmp/R.check/r-devel-gcc/Work/PKGS/libgeos.Rcheck/00install.out’ for details.
* used C compiler: ‘gcc-13 (Debian 13.2.0-5) 13.2.0’
* used C++ compiler: ‘g++-13 (Debian 13.2.0-5) 13.2.0’
Flavor: r-devel-linux-x86_64-debian-gcc
Version: 3.11.1-1
Check: whether package can be installed
Result: WARN
Found the following significant warnings:
libgeos-cpp-compat.cpp:13:17: warning: field precision specifier '.*' expects argument of type 'int', but argument 2 has type 'std::streamsize' {aka 'long long int'} [-Wformat=]
See 'd:/Rcompile/CRANpkg/local/4.4/libgeos.Rcheck/00install.out' for details.
* used C compiler: 'gcc.exe (GCC) 12.3.0'
* used C++ compiler: 'g++.exe (GCC) 12.3.0'
Flavor: r-devel-windows-x86_64
Version: 3.11.1-2
Check: installed package size
Result: NOTE
installed size is 43.5Mb
sub-directories of 1Mb or more:
libs 43.3Mb
Flavors: r-release-macos-arm64, r-oldrel-macos-arm64
Version: 3.11.1-1
Check: installed package size
Result: NOTE
installed size is 43.9Mb
sub-directories of 1Mb or more:
libs 43.8Mb
Flavors: r-release-macos-x86_64, r-oldrel-macos-x86_64