Last updated on 2024-08-16 00:48:24 CEST.
Flavor | Version | Tinstall | Tcheck | Ttotal | Status | Flags |
---|---|---|---|---|---|---|
r-devel-linux-x86_64-debian-clang | 1.7.1 | 4.03 | 59.30 | 63.33 | OK | |
r-devel-linux-x86_64-debian-gcc | 1.7.1 | 3.25 | 45.02 | 48.27 | OK | |
r-devel-linux-x86_64-fedora-clang | 1.7.1 | 101.53 | NOTE | |||
r-devel-linux-x86_64-fedora-gcc | 1.7.1 | 110.10 | OK | |||
r-devel-windows-x86_64 | 1.7.1 | 6.00 | 83.00 | 89.00 | OK | |
r-patched-linux-x86_64 | 1.7.1 | 4.89 | 57.44 | 62.33 | OK | |
r-release-linux-x86_64 | 1.7.1 | 4.31 | 57.30 | 61.61 | OK | |
r-release-macos-arm64 | 1.7.1 | 43.00 | OK | |||
r-release-macos-x86_64 | 1.7.1 | 69.00 | OK | |||
r-release-windows-x86_64 | 1.7.1 | 6.00 | 86.00 | 92.00 | OK | |
r-oldrel-macos-arm64 | 1.7.1 | 51.00 | OK | |||
r-oldrel-macos-x86_64 | 1.7.1 | 113.00 | OK | |||
r-oldrel-windows-x86_64 | 1.7.1 | 7.00 | 100.00 | 107.00 | OK |
Version: 1.7.1
Check: Rd cross-references
Result: NOTE
Undeclared package ‘future’ in Rd xrefs
Flavor: r-devel-linux-x86_64-fedora-clang