CRAN Package Check Results for Package lwgeom

Last updated on 2023-12-03 01:57:50 CET.

Flavor Version Tinstall Tcheck Ttotal Status Flags
r-devel-linux-x86_64-debian-clang 0.2-13 111.51 75.68 187.19 OK
r-devel-linux-x86_64-debian-gcc 0.2-13 84.80 56.78 141.58 OK
r-devel-linux-x86_64-fedora-clang 0.2-13 253.70 OK
r-devel-linux-x86_64-fedora-gcc 0.2-13 291.49 OK
r-devel-windows-x86_64 0.2-13 106.00 224.00 330.00 NOTE
r-patched-linux-x86_64 0.2-13 109.23 72.02 181.25 OK
r-release-linux-x86_64 0.2-13 106.51 71.85 178.36 OK
r-release-macos-arm64 0.2-13 70.00 NOTE
r-release-macos-x86_64 0.2-13 105.00 NOTE
r-release-windows-x86_64 0.2-13 137.00 283.00 420.00 NOTE
r-oldrel-macos-arm64 0.2-13 70.00 NOTE
r-oldrel-macos-x86_64 0.2-13 91.00 NOTE
r-oldrel-windows-x86_64 0.2-13 181.00 565.00 746.00 NOTE

Additional issues

M1mac

Check Details

Version: 0.2-13
Check: installed package size
Result: NOTE installed size is 28.9Mb sub-directories of 1Mb or more: gdal 3.0Mb libs 17.4Mb proj 8.3Mb Flavors: r-devel-windows-x86_64, r-release-macos-arm64, r-release-macos-x86_64, r-release-windows-x86_64, r-oldrel-macos-arm64, r-oldrel-macos-x86_64, r-oldrel-windows-x86_64