CRAN Package Check Results for Package mSigTools

Last updated on 2024-03-03 13:54:20 CET.

Flavor Version Tinstall Tcheck Ttotal Status Flags
r-devel-linux-x86_64-debian-clang 1.0.7 2.67 58.64 61.31 OK
r-devel-linux-x86_64-debian-gcc 1.0.7 2.09 50.70 52.79 OK
r-devel-linux-x86_64-fedora-clang 1.0.7 87.45 OK
r-devel-linux-x86_64-fedora-gcc 1.0.7 85.85 OK
r-devel-windows-x86_64 1.0.7 3.00 69.00 72.00 OK
r-patched-linux-x86_64 1.0.7 2.75 61.56 64.31 OK
r-release-linux-x86_64 1.0.7 1.69 56.95 58.64 OK
r-release-macos-arm64 1.0.7 30.00 OK
r-release-macos-x86_64 1.0.7 34.00 NOTE
r-release-windows-x86_64 1.0.7 4.00 82.00 86.00 OK
r-oldrel-macos-arm64 1.0.7 23.00 OK
r-oldrel-windows-x86_64 1.0.7 4.00 77.00 81.00 OK

Check Details

Version: 1.0.7
Check: package dependencies
Result: NOTE Package suggested but not available for checking: ‘ICAMS’ Flavor: r-release-macos-x86_64