Last updated on 2024-08-16 00:48:24 CEST.
Flavor | Version | Tinstall | Tcheck | Ttotal | Status | Flags |
---|---|---|---|---|---|---|
r-devel-linux-x86_64-debian-clang | 6.13.2 | 9.86 | 115.14 | 125.00 | NOTE | |
r-devel-linux-x86_64-debian-gcc | 6.13.2 | 8.09 | 80.04 | 88.13 | NOTE | |
r-devel-linux-x86_64-fedora-clang | 6.13.2 | 208.46 | NOTE | |||
r-devel-linux-x86_64-fedora-gcc | 6.13.2 | 208.26 | NOTE | |||
r-devel-windows-x86_64 | 6.13.2 | 10.00 | 142.00 | 152.00 | NOTE | |
r-patched-linux-x86_64 | 6.13.2 | 10.80 | 111.45 | 122.25 | NOTE | |
r-release-linux-x86_64 | 6.13.2 | 8.25 | 112.09 | 120.34 | NOTE | |
r-release-macos-arm64 | 6.13.2 | 58.00 | NOTE | |||
r-release-macos-x86_64 | 6.13.2 | 95.00 | NOTE | |||
r-release-windows-x86_64 | 6.13.2 | 11.00 | 138.00 | 149.00 | NOTE | |
r-oldrel-macos-arm64 | 6.13.2 | 69.00 | NOTE | |||
r-oldrel-macos-x86_64 | 6.13.2 | 202.00 | NOTE | |||
r-oldrel-windows-x86_64 | 6.13.2 | 13.00 | 173.00 | 186.00 | NOTE |
Version: 6.13.2
Check: package dependencies
Result: NOTE
Packages suggested but not available for checking: 'lpjmlkit', 'quitte'
Flavors: r-devel-linux-x86_64-debian-clang, r-devel-linux-x86_64-debian-gcc, r-devel-linux-x86_64-fedora-clang, r-devel-linux-x86_64-fedora-gcc, r-patched-linux-x86_64, r-release-linux-x86_64, r-release-macos-arm64, r-release-macos-x86_64, r-oldrel-windows-x86_64
Version: 6.13.2
Check: Rd cross-references
Result: NOTE
Undeclared packages ‘rlang’, ‘vctrs’ in Rd xrefs
Flavor: r-devel-linux-x86_64-fedora-clang
Version: 6.13.2
Check: package dependencies
Result: NOTE
Package suggested but not available for checking: 'quitte'
Flavors: r-devel-windows-x86_64, r-release-windows-x86_64, r-oldrel-macos-arm64, r-oldrel-macos-x86_64