Last updated on 2023-12-07 12:49:36 CET.
Flavor | Version | Tinstall | Tcheck | Ttotal | Status | Flags |
---|---|---|---|---|---|---|
r-devel-linux-x86_64-debian-clang | 0.2.5 | 142.31 | 108.01 | 250.32 | NOTE | |
r-devel-linux-x86_64-debian-gcc | 0.2.5 | 90.59 | 82.58 | 173.17 | NOTE | |
r-devel-linux-x86_64-fedora-clang | 0.2.5 | 357.49 | OK | |||
r-devel-linux-x86_64-fedora-gcc | 0.2.5 | 363.17 | OK | |||
r-devel-windows-x86_64 | 0.2.5 | 103.00 | 133.00 | 236.00 | OK | |
r-patched-linux-x86_64 | 0.2.5 | 88.44 | 105.83 | 194.27 | OK | |
r-release-linux-x86_64 | 0.2.5 | 86.49 | 104.64 | 191.13 | OK | |
r-release-macos-arm64 | 0.2.5 | 83.00 | NOTE | |||
r-release-macos-x86_64 | 0.2.5 | 147.00 | NOTE | |||
r-release-windows-x86_64 | 0.2.5 | 133.00 | 153.00 | 286.00 | OK | |
r-oldrel-macos-arm64 | 0.2.5 | 81.00 | NOTE | |||
r-oldrel-macos-x86_64 | 0.2.5 | 103.00 | NOTE | |||
r-oldrel-windows-x86_64 | 0.2.5 | 125.00 | 140.00 | 265.00 | OK |
Version: 0.2.5
Check: Rd files
Result: NOTE
checkRd: (-1) shortestpath.Rd:19: Lost braces; missing escapes or markup?
19 | \eqn{0} means there exists no path for node \eqn{i} and {j}.
| ^
Flavors: r-devel-linux-x86_64-debian-clang, r-devel-linux-x86_64-debian-gcc
Version: 0.2.5
Check: installed package size
Result: NOTE
installed size is 6.1Mb
sub-directories of 1Mb or more:
libs 5.9Mb
Flavors: r-release-macos-arm64, r-release-macos-x86_64, r-oldrel-macos-arm64, r-oldrel-macos-x86_64