Last updated on 2023-12-01 00:52:01 CET.
Flavor | Version | Tinstall | Tcheck | Ttotal | Status | Flags |
---|---|---|---|---|---|---|
r-devel-linux-x86_64-debian-clang | 2.0 | 67.32 | 153.18 | 220.50 | NOTE | |
r-devel-linux-x86_64-debian-gcc | 2.0 | 50.72 | 110.49 | 161.21 | NOTE | |
r-devel-linux-x86_64-fedora-clang | 2.0 | 306.49 | NOTE | |||
r-devel-linux-x86_64-fedora-gcc | 2.0 | 287.80 | NOTE | |||
r-devel-windows-x86_64 | 2.0 | 54.00 | 126.00 | 180.00 | NOTE | |
r-patched-linux-x86_64 | 2.0 | 57.27 | 144.98 | 202.25 | NOTE | |
r-release-linux-x86_64 | 2.0 | 61.74 | 143.68 | 205.42 | NOTE | |
r-release-macos-arm64 | 2.0 | 72.00 | NOTE | |||
r-release-macos-x86_64 | 2.0 | 127.00 | NOTE | |||
r-release-windows-x86_64 | 2.0 | 72.00 | 156.00 | 228.00 | NOTE | |
r-oldrel-macos-arm64 | 2.0 | 61.00 | OK | |||
r-oldrel-macos-x86_64 | 2.0 | 87.00 | OK | |||
r-oldrel-windows-x86_64 | 2.0 | 70.00 | 151.00 | 221.00 | OK |
Version: 2.0
Check: C++ specification
Result: NOTE
Specified C++11: please drop specification unless essential
Flavors: r-devel-linux-x86_64-debian-clang, r-devel-linux-x86_64-debian-gcc, r-devel-linux-x86_64-fedora-clang, r-devel-linux-x86_64-fedora-gcc, r-devel-windows-x86_64, r-patched-linux-x86_64, r-release-linux-x86_64, r-release-macos-arm64, r-release-macos-x86_64, r-release-windows-x86_64