Last updated on 2023-12-02 01:51:28 CET.
Flavor | Version | Tinstall | Tcheck | Ttotal | Status | Flags |
---|---|---|---|---|---|---|
r-devel-linux-x86_64-debian-clang | 0.6 | 11.97 | 283.01 | 294.98 | NOTE | |
r-devel-linux-x86_64-debian-gcc | 0.6 | 11.30 | 215.59 | 226.89 | NOTE | |
r-devel-linux-x86_64-fedora-clang | 0.6 | 366.56 | NOTE | |||
r-devel-linux-x86_64-fedora-gcc | 0.6 | 347.40 | NOTE | |||
r-devel-windows-x86_64 | 0.6 | 14.00 | 218.00 | 232.00 | NOTE | |
r-patched-linux-x86_64 | 0.6 | 15.43 | 275.73 | 291.16 | NOTE | |
r-release-linux-x86_64 | 0.6 | 9.62 | 267.55 | 277.17 | NOTE | |
r-release-macos-arm64 | 0.6 | 81.00 | NOTE | |||
r-release-macos-x86_64 | 0.6 | 136.00 | NOTE | |||
r-release-windows-x86_64 | 0.6 | 18.00 | 298.00 | 316.00 | NOTE | |
r-oldrel-macos-arm64 | 0.6 | 65.00 | NOTE | |||
r-oldrel-macos-x86_64 | 0.6 | 115.00 | NOTE | |||
r-oldrel-windows-x86_64 | 0.6 | 17.00 | 224.00 | 241.00 | NOTE |
Version: 0.6
Check: LazyData
Result: NOTE
'LazyData' is specified without a 'data' directory
Flavors: r-devel-linux-x86_64-debian-clang, r-devel-linux-x86_64-debian-gcc, r-devel-linux-x86_64-fedora-clang, r-devel-linux-x86_64-fedora-gcc, r-devel-windows-x86_64, r-patched-linux-x86_64, r-release-linux-x86_64, r-release-macos-arm64, r-release-macos-x86_64, r-release-windows-x86_64, r-oldrel-macos-arm64, r-oldrel-macos-x86_64, r-oldrel-windows-x86_64
Version: 0.6
Check: Rd cross-references
Result: NOTE
Undeclared packages ‘logistf’, ‘brglm’ in Rd xrefs
Flavor: r-devel-linux-x86_64-fedora-clang