CRAN Package Check Results for Package mcboost

Last updated on 2024-02-24 00:51:20 CET.

Flavor Version Tinstall Tcheck Ttotal Status Flags
r-devel-linux-x86_64-debian-clang 0.4.2 17.65 143.84 161.49 OK
r-devel-linux-x86_64-debian-gcc 0.4.2 14.66 108.43 123.09 OK
r-devel-linux-x86_64-fedora-clang 0.4.2 195.30 OK
r-devel-linux-x86_64-fedora-gcc 0.4.2 206.93 OK
r-devel-windows-x86_64 0.4.2 16.00 116.00 132.00 OK
r-patched-linux-x86_64 0.4.2 19.26 142.33 161.59 OK
r-release-linux-x86_64 0.4.2 16.10 140.00 156.10 OK
r-release-macos-arm64 0.4.2 65.00 OK
r-release-macos-x86_64 0.4.2 107.00 NOTE
r-release-windows-x86_64 0.4.2 21.00 141.00 162.00 OK
r-oldrel-macos-arm64 0.4.2 53.00 OK
r-oldrel-windows-x86_64 0.4.2 20.00 146.00 166.00 OK

Check Details

Version: 0.4.2
Check: package dependencies
Result: NOTE Package suggested but not available for checking: ‘xgboost’ Flavor: r-release-macos-x86_64