Last updated on 2023-12-08 13:50:05 CET.
Flavor | Version | Tinstall | Tcheck | Ttotal | Status | Flags |
---|---|---|---|---|---|---|
r-devel-linux-x86_64-debian-clang | 0.1.7 | 164.47 | 92.46 | 256.93 | NOTE | |
r-devel-linux-x86_64-debian-gcc | 0.1.7 | 109.01 | 64.09 | 173.10 | NOTE | |
r-devel-linux-x86_64-fedora-clang | 0.1.7 | 352.73 | OK | |||
r-devel-linux-x86_64-fedora-gcc | 0.1.7 | 375.18 | OK | |||
r-devel-windows-x86_64 | 0.1.7 | 123.00 | 120.00 | 243.00 | OK | |
r-patched-linux-x86_64 | 0.1.7 | 109.73 | 89.82 | 199.55 | OK | |
r-release-linux-x86_64 | 0.1.7 | 105.32 | 88.74 | 194.06 | OK | |
r-release-macos-arm64 | 0.1.7 | 90.00 | NOTE | |||
r-release-macos-x86_64 | 0.1.7 | 127.00 | NOTE | |||
r-release-windows-x86_64 | 0.1.7 | 156.00 | 134.00 | 290.00 | OK | |
r-oldrel-macos-arm64 | 0.1.7 | 77.00 | NOTE | |||
r-oldrel-macos-x86_64 | 0.1.7 | 109.00 | NOTE | |||
r-oldrel-windows-x86_64 | 0.1.7 | 146.00 | 129.00 | 275.00 | OK |
Version: 0.1.7
Check: Rd files
Result: NOTE
checkRd: (-1) get_mdgc.Rd:34: Lost braces in \itemize; meant \describe ?
checkRd: (-1) get_mdgc.Rd:35: Lost braces in \itemize; meant \describe ?
checkRd: (-1) get_mdgc.Rd:36: Lost braces in \itemize; meant \describe ?
checkRd: (-1) get_mdgc.Rd:37: Lost braces in \itemize; meant \describe ?
Flavors: r-devel-linux-x86_64-debian-clang, r-devel-linux-x86_64-debian-gcc
Version: 0.1.7
Check: installed package size
Result: NOTE
installed size is 11.3Mb
sub-directories of 1Mb or more:
libs 10.9Mb
Flavors: r-release-macos-arm64, r-release-macos-x86_64, r-oldrel-macos-arm64, r-oldrel-macos-x86_64