Last updated on 2023-12-02 12:48:23 CET.
Flavor | Version | Tinstall | Tcheck | Ttotal | Status | Flags |
---|---|---|---|---|---|---|
r-devel-linux-x86_64-debian-clang | 0.7-1 | 29.00 | 231.03 | 260.03 | NOTE | |
r-devel-linux-x86_64-debian-gcc | 0.7-1 | 21.86 | 173.50 | 195.36 | NOTE | |
r-devel-linux-x86_64-fedora-clang | 0.7-6 | 317.88 | OK | |||
r-devel-linux-x86_64-fedora-gcc | 0.7-6 | 195.98 | OK | |||
r-devel-windows-x86_64 | 0.7-6 | 23.00 | 193.00 | 216.00 | OK | |
r-patched-linux-x86_64 | 0.7-1 | 35.87 | 221.00 | 256.87 | OK | |
r-release-linux-x86_64 | 0.7-1 | 22.31 | 224.84 | 247.15 | OK | |
r-release-macos-arm64 | 0.7-6 | 64.00 | OK | |||
r-release-macos-x86_64 | 0.7-1 | 170.00 | OK | |||
r-release-windows-x86_64 | 0.7-1 | 32.00 | 234.00 | 266.00 | OK | |
r-oldrel-macos-arm64 | 0.7-6 | 61.00 | OK | |||
r-oldrel-macos-x86_64 | 0.7-1 | 183.00 | OK | |||
r-oldrel-windows-x86_64 | 0.7-6 | 32.00 | 239.00 | 271.00 | OK |
Version: 0.7-1
Check: Rd files
Result: NOTE
checkRd: (-1) findOptimalSmacofSym.rd:22: Lost braces; missing escapes or markup?
22 | \code{Spline degree} {(valid only for optSmacofSym_mMDS results)}
| ^
Flavors: r-devel-linux-x86_64-debian-clang, r-devel-linux-x86_64-debian-gcc