Last updated on 2024-08-16 00:48:25 CEST.
Flavor | Version | Tinstall | Tcheck | Ttotal | Status | Flags |
---|---|---|---|---|---|---|
r-devel-linux-x86_64-debian-clang | 1.0.0 | 454.36 | 545.86 | 1000.22 | NOTE | |
r-devel-linux-x86_64-debian-gcc | 1.0.0 | 372.37 | 350.73 | 723.10 | NOTE | |
r-devel-linux-x86_64-fedora-clang | 1.0.0 | 1530.01 | NOTE | |||
r-devel-linux-x86_64-fedora-gcc | 1.0.0 | 2010.05 | NOTE | |||
r-devel-windows-x86_64 | 1.0.0 | 409.00 | 513.00 | 922.00 | NOTE | |
r-patched-linux-x86_64 | 1.0.0 | 496.13 | 578.89 | 1075.02 | NOTE | |
r-release-linux-x86_64 | 1.0.0 | 488.80 | 578.04 | 1066.84 | NOTE | |
r-release-macos-arm64 | 1.0.0 | 368.00 | NOTE | |||
r-release-macos-x86_64 | 1.0.0 | 462.00 | NOTE | |||
r-release-windows-x86_64 | 1.0.0 | 412.00 | 503.00 | 915.00 | NOTE | |
r-oldrel-macos-arm64 | 1.0.0 | 352.00 | NOTE | |||
r-oldrel-macos-x86_64 | 1.0.0 | 579.00 | NOTE | |||
r-oldrel-windows-x86_64 | 1.0.0 | 533.00 | 727.00 | 1260.00 | NOTE |
Version: 1.0.0
Check: package dependencies
Result: NOTE
Package suggested but not available for checking: ‘cmdstanr’
Flavors: r-devel-linux-x86_64-debian-clang, r-devel-linux-x86_64-debian-gcc, r-devel-linux-x86_64-fedora-clang, r-devel-linux-x86_64-fedora-gcc, r-devel-windows-x86_64, r-patched-linux-x86_64, r-release-linux-x86_64, r-release-macos-arm64, r-release-macos-x86_64, r-release-windows-x86_64, r-oldrel-macos-arm64, r-oldrel-macos-x86_64, r-oldrel-windows-x86_64
Version: 1.0.0
Check: for GNU extensions in Makefiles
Result: NOTE
GNU make is a SystemRequirements.
Flavors: r-devel-linux-x86_64-debian-clang, r-devel-linux-x86_64-debian-gcc, r-devel-linux-x86_64-fedora-clang, r-devel-linux-x86_64-fedora-gcc, r-devel-windows-x86_64, r-patched-linux-x86_64, r-release-linux-x86_64, r-release-macos-arm64, r-release-macos-x86_64, r-release-windows-x86_64, r-oldrel-macos-arm64, r-oldrel-macos-x86_64, r-oldrel-windows-x86_64
Version: 1.0.0
Check: installed package size
Result: NOTE
installed size is 6.5Mb
sub-directories of 1Mb or more:
libs 5.0Mb
Flavors: r-devel-linux-x86_64-fedora-clang, r-devel-windows-x86_64, r-release-macos-arm64, r-release-macos-x86_64, r-release-windows-x86_64, r-oldrel-macos-arm64, r-oldrel-macos-x86_64, r-oldrel-windows-x86_64
Version: 1.0.0
Check: dependencies in R code
Result: NOTE
Namespaces in Imports field not imported from:
‘RcppParallel’ ‘rstantools’
All declared Imports should be used.
Flavors: r-devel-linux-x86_64-fedora-clang, r-devel-linux-x86_64-fedora-gcc