Last updated on 2024-08-16 00:48:25 CEST.
Flavor | Version | Tinstall | Tcheck | Ttotal | Status | Flags |
---|---|---|---|---|---|---|
r-devel-linux-x86_64-debian-clang | 4.4.0 | 507.06 | 218.37 | 725.43 | OK | |
r-devel-linux-x86_64-debian-gcc | 4.4.0 | 277.87 | 135.33 | 413.20 | OK | |
r-devel-linux-x86_64-fedora-clang | 4.4.0 | 969.67 | NOTE | |||
r-devel-linux-x86_64-fedora-gcc | 4.4.0 | 1115.00 | OK | |||
r-devel-windows-x86_64 | 4.4.0 | 324.00 | 273.00 | 597.00 | NOTE | |
r-patched-linux-x86_64 | 4.4.0 | 383.26 | 207.13 | 590.39 | OK | |
r-release-linux-x86_64 | 4.4.0 | 374.01 | 211.24 | 585.25 | OK | |
r-release-macos-arm64 | 4.4.0 | 195.00 | NOTE | |||
r-release-macos-x86_64 | 4.4.0 | 281.00 | NOTE | |||
r-release-windows-x86_64 | 4.4.0 | 312.00 | 277.00 | 589.00 | NOTE | |
r-oldrel-macos-arm64 | 4.4.0 | 271.00 | NOTE | |||
r-oldrel-macos-x86_64 | 4.4.0 | 386.00 | NOTE | |||
r-oldrel-windows-x86_64 | 4.4.0 | 427.00 | 356.00 | 783.00 | NOTE |
Version: 4.4.0
Check: installed package size
Result: NOTE
installed size is 6.6Mb
sub-directories of 1Mb or more:
libs 5.3Mb
Flavors: r-devel-linux-x86_64-fedora-clang, r-devel-windows-x86_64, r-release-macos-arm64, r-release-macos-x86_64, r-release-windows-x86_64, r-oldrel-macos-arm64, r-oldrel-macos-x86_64, r-oldrel-windows-x86_64