Last updated on 2023-11-30 01:53:35 CET.
Flavor | Version | Tinstall | Tcheck | Ttotal | Status | Flags |
---|---|---|---|---|---|---|
r-devel-linux-x86_64-debian-clang | 1.0.2 | 35.43 | 383.13 | 418.56 | NOTE | |
r-devel-linux-x86_64-debian-gcc | 1.0.2 | 33.30 | 276.06 | 309.36 | NOTE | |
r-devel-linux-x86_64-fedora-clang | 1.0.2 | 517.50 | OK | |||
r-devel-linux-x86_64-fedora-gcc | 1.0.2 | 507.63 | OK | |||
r-devel-windows-x86_64 | 1.0.2 | 30.00 | 244.00 | 274.00 | OK | |
r-patched-linux-x86_64 | 1.0.2 | 44.01 | 350.46 | 394.47 | OK | |
r-release-linux-x86_64 | 1.0.2 | 33.95 | 356.96 | 390.91 | OK | |
r-release-macos-arm64 | 1.0.2 | 139.00 | OK | |||
r-release-macos-x86_64 | 1.0.2 | 233.00 | OK | |||
r-release-windows-x86_64 | 1.0.2 | 41.00 | 330.00 | 371.00 | OK | |
r-oldrel-macos-arm64 | 1.0.2 | 103.00 | OK | |||
r-oldrel-macos-x86_64 | 1.0.2 | 144.00 | OK | |||
r-oldrel-windows-x86_64 | 1.0.2 | 43.00 | 317.00 | 360.00 | OK |
Version: 1.0.2
Check: Rd files
Result: NOTE
checkRd: (-1) mgLandscape.Rd:79: Lost braces
79 | A code{$summary} table giving the results of the variation partitioning. The following table
| ^
Flavors: r-devel-linux-x86_64-debian-clang, r-devel-linux-x86_64-debian-gcc