Last updated on 2023-12-02 01:51:29 CET.
Flavor | Version | Tinstall | Tcheck | Ttotal | Status | Flags |
---|---|---|---|---|---|---|
r-devel-linux-x86_64-debian-clang | 0.1.0 | 5.26 | 249.53 | 254.79 | OK | |
r-devel-linux-x86_64-debian-gcc | 0.1.0 | 5.50 | 201.83 | 207.33 | OK | |
r-devel-linux-x86_64-fedora-clang | 0.1.0 | 318.47 | OK | |||
r-devel-linux-x86_64-fedora-gcc | 0.1.0 | 334.15 | OK | |||
r-devel-windows-x86_64 | 0.1.0 | 7.00 | 259.00 | 266.00 | OK | |
r-patched-linux-x86_64 | 0.1.0 | 5.72 | 248.58 | 254.30 | OK | |
r-release-linux-x86_64 | 0.1.0 | 7.29 | 243.48 | 250.77 | OK | |
r-release-macos-arm64 | 0.1.0 | 138.00 | OK | |||
r-release-macos-x86_64 | 0.1.0 | 192.00 | OK | |||
r-release-windows-x86_64 | 0.1.0 | 9.00 | 293.00 | 302.00 | OK | |
r-oldrel-macos-arm64 | 0.1.0 | 57.00 | ERROR | |||
r-oldrel-macos-x86_64 | 0.1.0 | 146.00 | OK | |||
r-oldrel-windows-x86_64 | 0.1.0 | 9.00 | 308.00 | 317.00 | OK |
Version: 0.1.0
Check: re-building of vignette outputs
Result: ERROR
Error(s) in re-building vignettes:
...
--- re-building ‘merlin.Rmd’ using rmarkdown
Execution halted
* checking PDF version of manual ...* using check arguments '--no-clean-on-error '
Flavor: r-oldrel-macos-arm64