Last updated on 2024-08-16 00:48:25 CEST.
Flavor | Version | Tinstall | Tcheck | Ttotal | Status | Flags |
---|---|---|---|---|---|---|
r-devel-linux-x86_64-debian-clang | 0.2.3 | 255.87 | 125.71 | 381.58 | NOTE | |
r-devel-linux-x86_64-debian-gcc | 0.2.3 | 198.83 | 108.09 | 306.92 | NOTE | |
r-devel-linux-x86_64-fedora-clang | 0.2.3 | 773.23 | NOTE | |||
r-devel-linux-x86_64-fedora-gcc | 0.2.3 | 910.91 | NOTE | |||
r-devel-windows-x86_64 | 0.2.3 | 288.00 | 144.00 | 432.00 | NOTE | |
r-patched-linux-x86_64 | 0.2.3 | 274.95 | 164.80 | 439.75 | NOTE | |
r-release-linux-x86_64 | 0.2.3 | 274.22 | 165.98 | 440.20 | NOTE | |
r-release-macos-arm64 | 0.2.3 | 150.00 | NOTE | |||
r-release-macos-x86_64 | 0.2.3 | 167.00 | NOTE | |||
r-release-windows-x86_64 | 0.2.3 | 293.00 | 144.00 | 437.00 | NOTE | |
r-oldrel-macos-arm64 | 0.2.3 | 215.00 | NOTE | |||
r-oldrel-macos-x86_64 | 0.2.3 | 308.00 | NOTE | |||
r-oldrel-windows-x86_64 | 0.2.3 | 341.00 | 171.00 | 512.00 | NOTE |
Version: 0.2.3
Check: C++ specification
Result: NOTE
Specified C++11: please drop specification unless essential
Flavors: r-devel-linux-x86_64-debian-clang, r-devel-linux-x86_64-debian-gcc, r-devel-linux-x86_64-fedora-clang, r-devel-linux-x86_64-fedora-gcc, r-devel-windows-x86_64, r-patched-linux-x86_64, r-release-linux-x86_64, r-release-macos-arm64, r-release-macos-x86_64, r-release-windows-x86_64, r-oldrel-macos-arm64, r-oldrel-macos-x86_64, r-oldrel-windows-x86_64
Version: 0.2.3
Check: installed package size
Result: NOTE
installed size is 20.2Mb
sub-directories of 1Mb or more:
libs 19.1Mb
Flavors: r-release-macos-arm64, r-release-macos-x86_64, r-oldrel-macos-arm64, r-oldrel-macos-x86_64