Last updated on 2024-05-07 01:53:19 CEST.
Flavor | Version | Tinstall | Tcheck | Ttotal | Status | Flags |
---|---|---|---|---|---|---|
r-devel-linux-x86_64-debian-clang | 0.4.1 | 10.30 | 213.42 | 223.72 | OK | |
r-devel-linux-x86_64-debian-gcc | 0.4.1 | 6.97 | 155.98 | 162.95 | OK | |
r-devel-linux-x86_64-fedora-clang | 0.4.1 | 266.57 | NOTE | |||
r-devel-linux-x86_64-fedora-gcc | 0.4.1 | 306.00 | NOTE | |||
r-devel-windows-x86_64 | 0.4.1 | 9.00 | 184.00 | 193.00 | OK | |
r-patched-linux-x86_64 | 0.4.1 | 8.72 | 203.56 | 212.28 | OK | |
r-release-linux-x86_64 | 0.4.1 | 9.17 | 200.64 | 209.81 | OK | |
r-release-macos-arm64 | 0.4.1 | 94.00 | OK | |||
r-release-macos-x86_64 | 0.4.1 | 234.00 | OK | |||
r-release-windows-x86_64 | 0.4.1 | 10.00 | 185.00 | 195.00 | OK | |
r-oldrel-macos-arm64 | 0.4.1 | 80.00 | OK | |||
r-oldrel-macos-x86_64 | 0.4.1 | 182.00 | OK | |||
r-oldrel-windows-x86_64 | 0.4.1 | 11.00 | 228.00 | 239.00 | OK |
Version: 0.4.1
Check: data for non-ASCII characters
Result: NOTE
Note: found 1 marked UTF-8 string
Flavors: r-devel-linux-x86_64-fedora-clang, r-devel-linux-x86_64-fedora-gcc