Last updated on 2024-05-04 12:48:03 CEST.
Flavor | Version | Tinstall | Tcheck | Ttotal | Status | Flags |
---|---|---|---|---|---|---|
r-devel-linux-x86_64-debian-clang | 2.1 | 0.50 | 2.22 | 2.72 | ERROR | |
r-devel-linux-x86_64-debian-gcc | 2.1 | 27.44 | 231.34 | 258.78 | OK | |
r-devel-linux-x86_64-fedora-clang | 2.1 | 468.81 | OK | |||
r-devel-linux-x86_64-fedora-gcc | 2.1 | 421.96 | OK | |||
r-devel-windows-x86_64 | 2.1 | 29.00 | 234.00 | 263.00 | OK | |
r-patched-linux-x86_64 | 2.1 | 23.18 | 301.93 | 325.11 | OK | |
r-release-linux-x86_64 | 2.1 | 21.43 | 296.77 | 318.20 | OK | |
r-release-macos-arm64 | 2.1 | 113.00 | OK | |||
r-release-macos-x86_64 | 2.1 | 376.00 | OK | |||
r-release-windows-x86_64 | 2.1 | 26.00 | 222.00 | 248.00 | OK | |
r-oldrel-macos-arm64 | 2.1 | 141.00 | OK | |||
r-oldrel-macos-x86_64 | 2.1 | 405.00 | OK | |||
r-oldrel-windows-x86_64 | 2.1 | 28.00 | 287.00 | 315.00 | OK |
Version: 2.1
Check: package dependencies
Result: ERROR
Packages required but not available: 'globaltest', 'GlobalAncova'
See section ‘The DESCRIPTION file’ in the ‘Writing R Extensions’
manual.
Flavor: r-devel-linux-x86_64-debian-clang