CRAN Package Check Results for Package miRtest

Last updated on 2023-12-09 13:48:33 CET.

Flavor Version Tinstall Tcheck Ttotal Status Flags
r-devel-linux-x86_64-debian-clang 2.0 32.59 329.19 361.78 OK
r-devel-linux-x86_64-debian-gcc 2.0 27.52 239.69 267.21 OK
r-devel-linux-x86_64-fedora-clang 2.0 464.61 OK
r-devel-linux-x86_64-fedora-gcc 2.0 435.34 OK
r-devel-windows-x86_64 2.0 26.00 235.00 261.00 OK
r-patched-linux-x86_64 2.0 21.81 308.30 330.11 OK
r-release-linux-x86_64 2.0 22.53 305.51 328.04 OK
r-release-macos-arm64 2.0 135.00 OK
r-release-macos-x86_64 2.0 312.00 OK
r-release-windows-x86_64 2.0 26.00 284.00 310.00 OK
r-oldrel-macos-arm64 2.0 125.00 OK
r-oldrel-macos-x86_64 2.0 11.00 ERROR
r-oldrel-windows-x86_64 2.0 38.00 283.00 321.00 OK

Check Details

Version: 2.0
Check: package dependencies
Result: ERROR Package required but not available: ‘GlobalAncova’ See section ‘The DESCRIPTION file’ in the ‘Writing R Extensions’ manual. Flavor: r-oldrel-macos-x86_64