Last updated on 2023-12-07 01:54:40 CET.
Flavor | Version | Tinstall | Tcheck | Ttotal | Status | Flags |
---|---|---|---|---|---|---|
r-devel-linux-x86_64-debian-clang | 1.6 | 6.68 | 1136.93 | 1143.61 | OK | |
r-devel-linux-x86_64-debian-gcc | 1.6 | 6.71 | 789.68 | 796.39 | OK | |
r-devel-linux-x86_64-fedora-clang | 1.6 | 1426.16 | NOTE | |||
r-devel-linux-x86_64-fedora-gcc | 1.6 | 1387.59 | NOTE | |||
r-devel-windows-x86_64 | 1.6 | 10.00 | 604.00 | 614.00 | OK | |
r-patched-linux-x86_64 | 1.6 | 5.88 | 1061.56 | 1067.44 | OK | |
r-release-linux-x86_64 | 1.6 | 5.64 | 1042.50 | 1048.14 | OK | |
r-release-macos-arm64 | 1.6 | 298.00 | OK | |||
r-release-macos-x86_64 | 1.6 | 572.00 | OK | |||
r-release-windows-x86_64 | 1.6 | 12.00 | 903.00 | 915.00 | OK | |
r-oldrel-macos-arm64 | 1.6 | 247.00 | NOTE | |||
r-oldrel-macos-x86_64 | 1.6 | 433.00 | NOTE | |||
r-oldrel-windows-x86_64 | 1.6 | 11.00 | 913.00 | 924.00 | OK |
Version: 1.6
Check: dependencies in R code
Result: NOTE
Namespace in Imports field not imported from: ‘testthat’
All declared Imports should be used.
Flavors: r-devel-linux-x86_64-fedora-clang, r-devel-linux-x86_64-fedora-gcc, r-oldrel-macos-arm64, r-oldrel-macos-x86_64