Last updated on 2023-12-07 12:49:36 CET.
Flavor | Version | Tinstall | Tcheck | Ttotal | Status | Flags |
---|---|---|---|---|---|---|
r-devel-linux-x86_64-debian-clang | 0.4.0 | 9.09 | 173.69 | 182.78 | NOTE | |
r-devel-linux-x86_64-debian-gcc | 0.4.0 | 7.30 | 125.92 | 133.22 | NOTE | |
r-devel-linux-x86_64-fedora-clang | 0.4.0 | 233.09 | NOTE | |||
r-devel-linux-x86_64-fedora-gcc | 0.4.0 | 220.16 | NOTE | |||
r-devel-windows-x86_64 | 0.4.0 | 8.00 | 140.00 | 148.00 | NOTE | |
r-patched-linux-x86_64 | 0.4.0 | 13.06 | 166.66 | 179.72 | NOTE | |
r-release-linux-x86_64 | 0.4.0 | 5.68 | 163.52 | 169.20 | NOTE | |
r-release-macos-arm64 | 0.4.0 | 57.00 | NOTE | |||
r-release-macos-x86_64 | 0.4.0 | 94.00 | NOTE | |||
r-release-windows-x86_64 | 0.4.0 | 11.00 | 169.00 | 180.00 | NOTE | |
r-oldrel-macos-arm64 | 0.4.0 | 81.00 | NOTE | |||
r-oldrel-macos-x86_64 | 0.4.0 | 75.00 | NOTE | |||
r-oldrel-windows-x86_64 | 0.4.0 | 13.00 | 171.00 | 184.00 | NOTE |
Version: 0.4.0
Check: package dependencies
Result: NOTE
Package suggested but not available for checking: ‘gurobi’
Flavors: r-devel-linux-x86_64-debian-clang, r-devel-linux-x86_64-debian-gcc, r-devel-linux-x86_64-fedora-clang, r-devel-linux-x86_64-fedora-gcc, r-devel-windows-x86_64, r-patched-linux-x86_64, r-release-linux-x86_64, r-release-macos-arm64, r-release-macos-x86_64, r-release-windows-x86_64, r-oldrel-macos-arm64, r-oldrel-macos-x86_64, r-oldrel-windows-x86_64