Last updated on 2024-08-16 00:48:25 CEST.
Flavor | Version | Tinstall | Tcheck | Ttotal | Status | Flags |
---|---|---|---|---|---|---|
r-devel-linux-x86_64-debian-clang | 1.0.4 | 83.35 | 268.52 | 351.87 | OK | |
r-devel-linux-x86_64-debian-gcc | 1.0.4 | 58.22 | 198.87 | 257.09 | OK | |
r-devel-linux-x86_64-fedora-clang | 1.0.4 | 602.19 | OK | |||
r-devel-linux-x86_64-fedora-gcc | 1.0.4 | 609.95 | OK | |||
r-devel-windows-x86_64 | 1.0.4 | 91.00 | 320.00 | 411.00 | OK | |
r-patched-linux-x86_64 | 1.0.4 | 82.07 | 264.31 | 346.38 | OK | |
r-release-linux-x86_64 | 1.0.4 | 86.57 | 276.65 | 363.22 | OK | |
r-release-macos-arm64 | 1.0.4 | 188.00 | NOTE | |||
r-release-macos-x86_64 | 1.0.4 | 265.00 | NOTE | |||
r-release-windows-x86_64 | 1.0.4 | 88.00 | 326.00 | 414.00 | OK | |
r-oldrel-macos-arm64 | 1.0.4 | 192.00 | NOTE | |||
r-oldrel-macos-x86_64 | 1.0.4 | 409.00 | NOTE | |||
r-oldrel-windows-x86_64 | 1.0.4 | 109.00 | 412.00 | 521.00 | OK |
Version: 1.0.4
Check: installed package size
Result: NOTE
installed size is 6.8Mb
sub-directories of 1Mb or more:
libs 4.7Mb
Flavors: r-release-macos-arm64, r-release-macos-x86_64, r-oldrel-macos-arm64, r-oldrel-macos-x86_64