Last updated on 2023-12-03 01:57:52 CET.
Flavor | Version | Tinstall | Tcheck | Ttotal | Status | Flags |
---|---|---|---|---|---|---|
r-devel-linux-x86_64-debian-clang | 2.2.1 | 37.84 | 407.27 | 445.11 | NOTE | |
r-devel-linux-x86_64-debian-gcc | 2.2.1 | 24.70 | 319.68 | 344.38 | NOTE | |
r-devel-linux-x86_64-fedora-clang | 2.2.1 | 696.82 | NOTE | |||
r-devel-linux-x86_64-fedora-gcc | 2.2.1 | 635.92 | NOTE | |||
r-devel-windows-x86_64 | 2.2.1 | 33.00 | 468.00 | 501.00 | NOTE | |
r-patched-linux-x86_64 | 2.2.1 | 35.39 | 572.20 | 607.59 | NOTE | |
r-release-linux-x86_64 | 2.2.1 | 30.83 | 485.57 | 516.40 | NOTE | |
r-release-macos-arm64 | 2.2.1 | 218.00 | NOTE | |||
r-release-macos-x86_64 | 2.2.1 | 303.00 | NOTE | |||
r-release-windows-x86_64 | 2.2.1 | 41.00 | 523.00 | 564.00 | NOTE | |
r-oldrel-macos-arm64 | 2.2.1 | 244.00 | OK | |||
r-oldrel-macos-x86_64 | 2.2.1 | 404.00 | OK | |||
r-oldrel-windows-x86_64 | 2.2.1 | 40.00 | 613.00 | 653.00 | OK |
Version: 2.2.1
Check: Rd files
Result: NOTE
checkRd: (-1) AKMCS.Rd:215: Escaped LaTeX specials: \&
checkRd: (-1) BMP.Rd:164: Escaped LaTeX specials: \&
checkRd: (-1) IRW.Rd:144: Escaped LaTeX specials: \&
checkRd: (-1) IRW.Rd:151: Escaped LaTeX specials: \&
checkRd: (-1) MP.Rd:142: Escaped LaTeX specials: \&
checkRd: (-1) MetropolisHastings.Rd:58: Escaped LaTeX specials: \&
checkRd: (-1) SubsetSimulation.Rd:152: Escaped LaTeX specials: \&
checkRd: (-1) UtoX.Rd:25-27: Lost braces in \itemize; meant \describe ?
checkRd: (-1) UtoX.Rd:28-30: Lost braces in \itemize; meant \describe ?
checkRd: (-1) UtoX.Rd:31-33: Lost braces in \itemize; meant \describe ?
checkRd: (-1) UtoX.Rd:34-36: Lost braces in \itemize; meant \describe ?
checkRd: (-1) UtoX.Rd:37-39: Lost braces in \itemize; meant \describe ?
checkRd: (-1) UtoX.Rd:40-42: Lost braces in \itemize; meant \describe ?
checkRd: (-1) UtoX.Rd:43-45: Lost braces in \itemize; meant \describe ?
checkRd: (-1) oscillator_d6.Rd:14: Escaped LaTeX specials: \&
Flavors: r-devel-linux-x86_64-debian-clang, r-devel-linux-x86_64-debian-gcc
Version: 2.2.1
Check: Rd files
Result: NOTE
checkRd: (-1) AKMCS.Rd:215: Escaped LaTeX specials: \&
checkRd: (-1) BMP.Rd:164: Escaped LaTeX specials: \&
checkRd: (-1) IRW.Rd:144: Escaped LaTeX specials: \&
checkRd: (-1) IRW.Rd:151: Escaped LaTeX specials: \&
checkRd: (-1) MP.Rd:142: Escaped LaTeX specials: \&
checkRd: (-1) MetropolisHastings.Rd:58: Escaped LaTeX specials: \&
checkRd: (-1) SubsetSimulation.Rd:152: Escaped LaTeX specials: \&
checkRd: (-1) oscillator_d6.Rd:14: Escaped LaTeX specials: \&
Flavors: r-devel-linux-x86_64-fedora-clang, r-devel-linux-x86_64-fedora-gcc, r-devel-windows-x86_64, r-patched-linux-x86_64, r-release-linux-x86_64, r-release-macos-arm64, r-release-macos-x86_64, r-release-windows-x86_64