Last updated on 2024-08-16 00:48:25 CEST.
Flavor | Version | Tinstall | Tcheck | Ttotal | Status | Flags |
---|---|---|---|---|---|---|
r-devel-linux-x86_64-debian-clang | 1.0.0 | 2.72 | 246.82 | 249.54 | NOTE | |
r-devel-linux-x86_64-debian-gcc | 1.0.0 | 2.14 | 151.37 | 153.51 | NOTE | |
r-devel-linux-x86_64-fedora-clang | 1.0.0 | 393.56 | NOTE | |||
r-devel-linux-x86_64-fedora-gcc | 1.0.0 | 377.23 | NOTE | |||
r-devel-windows-x86_64 | 1.0.0 | 5.00 | 261.00 | 266.00 | NOTE | |
r-patched-linux-x86_64 | 1.0.0 | 2.96 | 239.76 | 242.72 | NOTE | |
r-release-linux-x86_64 | 1.0.0 | 2.66 | 230.74 | 233.40 | NOTE | |
r-release-macos-arm64 | 1.0.0 | 115.00 | NOTE | |||
r-release-macos-x86_64 | 1.0.0 | 226.00 | NOTE | |||
r-release-windows-x86_64 | 1.0.0 | 5.00 | 255.00 | 260.00 | NOTE | |
r-oldrel-macos-arm64 | 1.0.0 | 130.00 | NOTE | |||
r-oldrel-macos-x86_64 | 1.0.0 | 217.00 | NOTE | |||
r-oldrel-windows-x86_64 | 1.0.0 | 5.00 | 309.00 | 314.00 | NOTE |
Version: 1.0.0
Check: package subdirectories
Result: NOTE
Problems with news in ‘NEWS.md’:
Cannot extract version info from the following section titles:
Bug Fix
Update Vignettes
Function Optimizing
New Functions
Vignette
Optimization
Fix Bugs
Add New Function
Update Description Files
Fix bugs
New .R files
Update Old .R files
Flavors: r-devel-linux-x86_64-debian-clang, r-devel-linux-x86_64-debian-gcc, r-devel-linux-x86_64-fedora-clang, r-devel-linux-x86_64-fedora-gcc, r-devel-windows-x86_64, r-patched-linux-x86_64, r-release-linux-x86_64, r-release-macos-arm64, r-release-macos-x86_64, r-release-windows-x86_64, r-oldrel-macos-arm64, r-oldrel-macos-x86_64, r-oldrel-windows-x86_64