CRAN Package Check Results for Package mlr3

Last updated on 2024-02-23 01:51:36 CET.

Flavor Version Tinstall Tcheck Ttotal Status Flags
r-devel-linux-x86_64-debian-clang 0.17.2 ERROR
r-devel-linux-x86_64-debian-gcc 0.17.2 25.64 298.36 324.00 OK
r-devel-linux-x86_64-fedora-clang 0.17.2 545.22 OK
r-devel-linux-x86_64-fedora-gcc 0.17.2 541.93 OK
r-devel-windows-x86_64 0.17.2 29.00 319.00 348.00 OK
r-patched-linux-x86_64 0.17.2 50.96 392.43 443.39 OK
r-release-linux-x86_64 0.17.2 28.91 395.86 424.77 OK
r-release-macos-arm64 0.17.2 130.00 OK
r-release-macos-x86_64 0.17.2 253.00 OK
r-release-windows-x86_64 0.17.2 40.00 424.00 464.00 OK
r-oldrel-macos-arm64 0.17.2 126.00 OK
r-oldrel-windows-x86_64 0.17.2 42.00 381.00 423.00 OK

Check Details

Version: 0.17.2
Check: tests
Result: ERROR Running ‘testthat.R’ [192s/270s] Running the tests in ‘tests/testthat.R’ failed. Complete output: > if (requireNamespace("testthat", quietly = TRUE)) { + library("checkmate") + library("testthat") + library("mlr3") + test_check("mlr3") + } Loading required namespace: Matrix [ FAIL 2 | WARN 0 | SKIP 2 | PASS 12612 ] ══ Skipped tests (2) ═══════════════════════════════════════════════════════════ • On CRAN (1): 'test_Measure.R:128:3' • distr6 cannot be loaded (1): 'test_PredictionRegr.R:54:3' ══ Failed tests ════════════════════════════════════════════════════════════════ ── Failure ('test_parallel.R:104:3'): data table threads are not changed in main session ── getDTthreads() (`actual`) not equal to 2L (`expected`). `actual`: 1 `expected`: 2 ── Failure ('test_parallel.R:107:3'): data table threads are not changed in main session ── getDTthreads() (`actual`) not equal to 2L (`expected`). `actual`: 1 `expected`: 2 [ FAIL 2 | WARN 0 | SKIP 2 | PASS 12612 ] Error: Test failures Execution halted Flavor: r-devel-linux-x86_64-debian-clang