Last updated on 2024-08-16 00:48:25 CEST.
Flavor | Version | Tinstall | Tcheck | Ttotal | Status | Flags |
---|---|---|---|---|---|---|
r-devel-linux-x86_64-debian-clang | 0.8.0 | 9.29 | 141.88 | 151.17 | NOTE | |
r-devel-linux-x86_64-debian-gcc | 0.8.0 | 5.99 | 92.63 | 98.62 | NOTE | |
r-devel-linux-x86_64-fedora-clang | 0.8.0 | 250.91 | OK | |||
r-devel-linux-x86_64-fedora-gcc | 0.8.0 | 233.07 | OK | |||
r-devel-windows-x86_64 | 0.8.0 | 11.00 | 124.00 | 135.00 | NOTE | |
r-patched-linux-x86_64 | 0.8.0 | 15.98 | 128.22 | 144.20 | OK | |
r-release-linux-x86_64 | 0.8.0 | 10.49 | 133.44 | 143.93 | OK | |
r-release-macos-arm64 | 0.8.0 | 57.00 | OK | |||
r-release-macos-x86_64 | 0.8.0 | 92.00 | OK | |||
r-release-windows-x86_64 | 0.8.0 | 11.00 | 124.00 | 135.00 | OK | |
r-oldrel-macos-arm64 | 0.8.0 | 65.00 | OK | |||
r-oldrel-macos-x86_64 | 0.8.0 | 119.00 | OK | |||
r-oldrel-windows-x86_64 | 0.8.0 | 14.00 | 158.00 | 172.00 | OK |
Version: 0.8.0
Check: Rd cross-references
Result: NOTE
Found the following Rd file(s) with Rd \link{} targets missing package
anchors:
Filter.Rd: mlr_reflections
mlr_filters.Rd: Dictionary, R6Class
Please provide package anchors for all Rd \link{} targets not in the
package itself and the base packages.
Flavors: r-devel-linux-x86_64-debian-clang, r-devel-linux-x86_64-debian-gcc, r-devel-windows-x86_64