Last updated on 2024-08-16 00:48:25 CEST.
Flavor | Version | Tinstall | Tcheck | Ttotal | Status | Flags |
---|---|---|---|---|---|---|
r-devel-linux-x86_64-debian-clang | 0.2.4 | 6.44 | 344.10 | 350.54 | OK | |
r-devel-linux-x86_64-debian-gcc | 0.2.4 | 5.42 | 263.76 | 269.18 | OK | |
r-devel-linux-x86_64-fedora-clang | 0.2.4 | 573.11 | OK | |||
r-devel-linux-x86_64-fedora-gcc | 0.2.4 | 535.61 | OK | |||
r-devel-windows-x86_64 | 0.2.4 | 11.00 | 339.00 | 350.00 | OK | |
r-patched-linux-x86_64 | 0.2.4 | 8.39 | 327.66 | 336.05 | OK | |
r-release-linux-x86_64 | 0.2.4 | 6.44 | 344.70 | 351.14 | OK | |
r-release-macos-arm64 | 0.2.4 | 200.00 | OK | |||
r-release-macos-x86_64 | 0.2.4 | 487.00 | OK | |||
r-release-windows-x86_64 | 0.2.4 | 12.00 | 339.00 | 351.00 | OK | |
r-oldrel-macos-arm64 | 0.2.4 | 12.00 | ERROR | |||
r-oldrel-macos-x86_64 | 0.2.4 | 12.00 | ERROR | |||
r-oldrel-windows-x86_64 | 0.2.4 | 13.00 | 464.00 | 477.00 | OK |
Version: 0.2.4
Check: package dependencies
Result: ERROR
Packages required and available but unsuitable versions:
'bbotk', 'mlr3tuning', 'paradox'
See section ‘The DESCRIPTION file’ in the ‘Writing R Extensions’
manual.
Flavors: r-oldrel-macos-arm64, r-oldrel-macos-x86_64