CRAN Package Check Results for Package mlr3pipelines

Last updated on 2024-02-28 00:56:26 CET.

Flavor Version Tinstall Tcheck Ttotal Status Flags
r-devel-linux-x86_64-debian-clang 0.5.0-2 27.98 597.49 625.47 OK
r-devel-linux-x86_64-debian-gcc 0.5.0-2 27.93 450.14 478.07 OK
r-devel-linux-x86_64-fedora-clang 0.5.0-2 766.44 NOTE
r-devel-linux-x86_64-fedora-gcc 0.5.0-2 769.14 OK
r-devel-windows-x86_64 0.5.0-2 29.00 355.00 384.00 OK
r-patched-linux-x86_64 0.5.0-2 53.36 595.45 648.81 OK
r-release-linux-x86_64 0.5.0-2 30.84 576.30 607.14 OK
r-release-macos-arm64 0.5.0-2 179.00 OK
r-release-macos-x86_64 0.5.0-2 322.00 OK
r-release-windows-x86_64 0.5.0-2 38.00 477.00 515.00 OK
r-oldrel-macos-arm64 0.5.0-2 165.00 OK
r-oldrel-windows-x86_64 0.5.0-2 41.00 422.00 463.00 OK

Check Details

Version: 0.5.0-2
Check: Rd cross-references
Result: NOTE Undeclared package ‘htmlwidgets’ in Rd xrefs Flavor: r-devel-linux-x86_64-fedora-clang